{"id":1697,"date":"2020-06-18T14:20:52","date_gmt":"2020-06-18T17:20:52","guid":{"rendered":"http:\/\/camaraestrelavelha.rs.gov.br\/portal\/?page_id=1697"},"modified":"2020-07-09T18:29:05","modified_gmt":"2020-07-09T21:29:05","slug":"eleunice-beatriz-crestani-pinto","status":"publish","type":"page","link":"https:\/\/www.camaraestrelavelha.rs.gov.br\/portal\/eleunice-beatriz-crestani-pinto\/","title":{"rendered":"Eleunice Beatriz Crestani Pinto"},"content":{"rendered":"\t\t<div data-elementor-type=\"wp-page\" data-elementor-id=\"1697\" class=\"elementor elementor-1697\" data-elementor-settings=\"[]\">\n\t\t\t\t\t\t<div class=\"elementor-inner\">\n\t\t\t\t\t\t\t<div class=\"elementor-section-wrap\">\n\t\t\t\t\t\t\t<section class=\"elementor-section elementor-top-section elementor-element elementor-element-a14bb5a elementor-section-boxed elementor-section-height-default elementor-section-height-default\" data-id=\"a14bb5a\" data-element_type=\"section\">\n\t\t\t\t\t\t<div class=\"elementor-container elementor-column-gap-default\">\n\t\t\t\t\t\t\t<div class=\"elementor-row\">\n\t\t\t\t\t<div class=\"elementor-column elementor-col-100 elementor-top-column elementor-element elementor-element-dc39a47\" data-id=\"dc39a47\" data-element_type=\"column\">\n\t\t\t<div class=\"elementor-column-wrap elementor-element-populated\">\n\t\t\t\t\t\t\t<div class=\"elementor-widget-wrap\">\n\t\t\t\t\t\t<div class=\"elementor-element elementor-element-2f5fcad elementor-widget elementor-widget-text-editor\" data-id=\"2f5fcad\" data-element_type=\"widget\" data-widget_type=\"text-editor.default\">\n\t\t\t\t<div class=\"elementor-widget-container\">\n\t\t\t\t\t<div class=\"elementor-text-editor elementor-clearfix\"><h1>Eleunice Beatriz Crestani Pinto<\/h1><p><img loading=\"lazy\" class=\"alignnone wp-image-1699 size-medium\" src=\"http:\/\/camaraestrelavelha.rs.gov.br\/portal\/wp-content\/uploads\/2020\/06\/Eleunice-200x300.jpg\" alt=\"\" width=\"200\" height=\"300\" srcset=\"https:\/\/www.camaraestrelavelha.rs.gov.br\/portal\/wp-content\/uploads\/2020\/06\/Eleunice-200x300.jpg 200w, https:\/\/www.camaraestrelavelha.rs.gov.br\/portal\/wp-content\/uploads\/2020\/06\/Eleunice.jpg 480w\" sizes=\"(max-width: 200px) 100vw, 200px\" \/><\/p><p>PARTIDO: PSB<br \/>EMAIL:\u00a0<\/p><p>TELEFONE: ( 51) 998682314<\/p><p>DESCRI\u00c7\u00c3O:<\/p><p style=\"text-align: justify;\">Eleunice Beatriz Crestani Pinto, 63 anos, casada com Cl\u00f3vis Pinto, tr\u00eas filhos: Jo\u00e3o Roberto, Gustavo e Ricardo. Professora Estadual aposentada. Graduada em Educa\u00e7\u00e3o Art\u00edstica e Artes Pl\u00e1sticas. Secret\u00e1ria da Educa\u00e7\u00e3o no Munic\u00edpio de Estrela Velha, Gest\u00e3o 2005 \u00e0 2008. Membro atuante do Grupo da Amizade.\u00a0Eleita Vereadora nas elei\u00e7\u00f5es de 2016 pelo PSB com 181 votos.<\/p><div><h1>\u00a0<\/h1><h1>ATIVIDADES DO ANO DE 2018<\/h1><div>\u00a0<\/div><h4>Emendas<\/h4><h4>Mo\u00e7\u00f5es<\/h4><h4>Pedido de Informa\u00e7\u00f5es<\/h4><h4>Pedido de Provid\u00eancia<\/h4><h4>Proposi\u00e7\u00f5es<\/h4><h4>Requerimentos<\/h4><\/div><div>\u00a0<\/div><h1>ATIVIDADES DO ANO DE 2017<\/h1><div>\u00a0<\/div><div>\u00a0<\/div><h2>\u00a0Emendas<\/h2><\/div>\n\t\t\t\t<\/div>\n\t\t\t\t<\/div>\n\t\t\t\t<div class=\"elementor-element elementor-element-1534cdd elementor-widget elementor-widget-text-editor\" data-id=\"1534cdd\" data-element_type=\"widget\" data-widget_type=\"text-editor.default\">\n\t\t\t\t<div class=\"elementor-widget-container\">\n\t\t\t\t\t<div class=\"elementor-text-editor elementor-clearfix\"><div class=\"sdm_download_item \"><div class=\"sdm_download_item_top\"><div class=\"sdm_download_thumbnail\"><\/div><div class=\"sdm_download_title\">Emenda Supressiva n\u00ba 01\/2017, de 20 de outubro de 2017.<\/div><\/div><div style=\"clear:both\"><\/div><div class=\"sdm_download_description\"><p>Emenda Supressiva n\u00ba 01\/2017 de autoria do Poder Legislativo, onde &#8220;Suprime dispositivos no Projeto de 1.237, de 31 de agosto de 2017, que Disp\u00f5e sobre as diretrizes or\u00e7ament\u00e1rias para o exerc\u00edcio financeiro de 2018&#8221;. APROVADA POR UNANIMIDADE.<\/p>\n<\/div><div class=\"sdm_download_link\"><span class=\"sdm_download_button\"><a href=\"https:\/\/www.camaraestrelavelha.rs.gov.br\/portal\/?smd_process_download=1&amp;download_id=1680\" class=\"sdm_download grey\" title=\"Emenda Supressiva n\u00ba 01\/2017, de 20 de outubro de 2017.\" target=\"_self\">Baixar agora!<\/a><\/span><span class=\"sdm_download_item_count\"><span class=\"sdm_item_count_number\">334<\/span><span class=\"sdm_item_count_string\"> Downloads<\/span><\/span><\/div><\/div><div class=\"sdm_download_item \"><div class=\"sdm_download_item_top\"><div class=\"sdm_download_thumbnail\"><\/div><div class=\"sdm_download_title\">Emenda Modificativa n\u00ba 03\/2017, de 20 de outubro de 2017.<\/div><\/div><div style=\"clear:both\"><\/div><div class=\"sdm_download_description\"><p>Emenda Modificativa n\u00ba 03\/2017 de autoria do Poder Legislativo, onde &#8220;Modifica dispositivos no Projeto de 1.237, de 31 de agosto de 2017, que Disp\u00f5e sobre as diretrizes or\u00e7ament\u00e1rias para o exerc\u00edcio financeiro de 2018&#8221;. APROVADA POR UNANIMIDADE.<\/p>\n<\/div><div class=\"sdm_download_link\"><span class=\"sdm_download_button\"><a href=\"https:\/\/www.camaraestrelavelha.rs.gov.br\/portal\/?smd_process_download=1&amp;download_id=1678\" class=\"sdm_download grey\" title=\"Emenda Modificativa n\u00ba 03\/2017, de 20 de outubro de 2017.\" target=\"_self\">Baixar agora!<\/a><\/span><span class=\"sdm_download_item_count\"><span class=\"sdm_item_count_number\">317<\/span><span class=\"sdm_item_count_string\"> Downloads<\/span><\/span><\/div><\/div><div class=\"sdm_download_item \"><div class=\"sdm_download_item_top\"><div class=\"sdm_download_thumbnail\"><\/div><div class=\"sdm_download_title\">Emenda Aditiva n\u00ba 12, de 20 de outubro de 2017.<\/div><\/div><div style=\"clear:both\"><\/div><div class=\"sdm_download_description\"><p>Emendas Aditivas, de autoria do Poder Legislativo, onde &#8220;Adiciona dispositivos no Projeto de 1.237, de 31 de agosto de 2017, que Disp\u00f5e sobre as diretrizes or\u00e7ament\u00e1rias para o exerc\u00edcio financeiro de 2018&#8221;. APROVADA POR UNANIMIDADE.<\/p>\n<\/div><div class=\"sdm_download_link\"><span class=\"sdm_download_button\"><a href=\"https:\/\/www.camaraestrelavelha.rs.gov.br\/portal\/?smd_process_download=1&amp;download_id=1676\" class=\"sdm_download grey\" title=\"Emenda Aditiva n\u00ba 12, de 20 de outubro de 2017.\" target=\"_self\">Baixar agora!<\/a><\/span><span class=\"sdm_download_item_count\"><span class=\"sdm_item_count_number\">345<\/span><span class=\"sdm_item_count_string\"> Downloads<\/span><\/span><\/div><\/div><div class=\"sdm_download_item \"><div class=\"sdm_download_item_top\"><div class=\"sdm_download_thumbnail\"><\/div><div class=\"sdm_download_title\">Emenda Aditiva n\u00ba 11, de 20 de outubro de 2017.<\/div><\/div><div style=\"clear:both\"><\/div><div class=\"sdm_download_description\"><p>Emendas Aditivas, de autoria do Poder Legislativo, onde &#8220;Adiciona dispositivos no Projeto de 1.237, de 31 de agosto de 2017, que Disp\u00f5e sobre as diretrizes or\u00e7ament\u00e1rias para o exerc\u00edcio financeiro de 2018&#8221;. APROVADA POR UNANIMIDADE.<\/p>\n<\/div><div class=\"sdm_download_link\"><span class=\"sdm_download_button\"><a href=\"https:\/\/www.camaraestrelavelha.rs.gov.br\/portal\/?smd_process_download=1&amp;download_id=1674\" class=\"sdm_download grey\" title=\"Emenda Aditiva n\u00ba 11, de 20 de outubro de 2017.\" target=\"_self\">Baixar agora!<\/a><\/span><span class=\"sdm_download_item_count\"><span class=\"sdm_item_count_number\">327<\/span><span class=\"sdm_item_count_string\"> Downloads<\/span><\/span><\/div><\/div><div class=\"sdm_download_item \"><div class=\"sdm_download_item_top\"><div class=\"sdm_download_thumbnail\"><\/div><div class=\"sdm_download_title\">Emenda Aditiva n\u00ba 10, de 20 de outubro de 2017. APROVADA.<\/div><\/div><div style=\"clear:both\"><\/div><div class=\"sdm_download_description\"><p>Emendas Aditivas, de autoria do Poder Legislativo, onde &#8220;Adiciona dispositivos no Projeto de 1.237, de 31 de agosto de 2017, que Disp\u00f5e sobre as diretrizes or\u00e7ament\u00e1rias para o exerc\u00edcio financeiro de 2018&#8221;. APROVADA POR UNANIMIDADE.<\/p>\n<\/div><div class=\"sdm_download_link\"><span class=\"sdm_download_button\"><a href=\"https:\/\/www.camaraestrelavelha.rs.gov.br\/portal\/?smd_process_download=1&amp;download_id=1672\" class=\"sdm_download grey\" title=\"Emenda Aditiva n\u00ba 10, de 20 de outubro de 2017. APROVADA.\" target=\"_self\">Baixar agora!<\/a><\/span><span class=\"sdm_download_item_count\"><span class=\"sdm_item_count_number\">346<\/span><span class=\"sdm_item_count_string\"> Downloads<\/span><\/span><\/div><\/div><div class=\"sdm_clear_float\"><\/div><div class=\"sdm_pagination\"><\/div><\/div>\n\t\t\t\t<\/div>\n\t\t\t\t<\/div>\n\t\t\t\t<div class=\"elementor-element elementor-element-997855e elementor-widget elementor-widget-text-editor\" data-id=\"997855e\" data-element_type=\"widget\" data-widget_type=\"text-editor.default\">\n\t\t\t\t<div class=\"elementor-widget-container\">\n\t\t\t\t\t<div class=\"elementor-text-editor elementor-clearfix\"><h2>Mo\u00e7\u00f5es<\/h2><\/div>\n\t\t\t\t<\/div>\n\t\t\t\t<\/div>\n\t\t\t\t<div class=\"elementor-element elementor-element-b0dfeec elementor-widget elementor-widget-text-editor\" data-id=\"b0dfeec\" data-element_type=\"widget\" data-widget_type=\"text-editor.default\">\n\t\t\t\t<div class=\"elementor-widget-container\">\n\t\t\t\t\t<div class=\"elementor-text-editor elementor-clearfix\"><div class=\"sdm_download_item \"><div class=\"sdm_download_item_top\"><div class=\"sdm_download_thumbnail\"><\/div><div class=\"sdm_download_title\">Mo\u00e7\u00e3o Rep\u00fadio n\u00ba 01 de 04\/01\/17.APROVADA.<\/div><\/div><div style=\"clear:both\"><\/div><div class=\"sdm_download_description\"><p>Mo\u00e7\u00e3o de Rep\u00fadio n\u00ba 01, de 04 de janeiro de 2017, de autoria da Vereadora Lenise Maria Schonfeldt Rodrigues, manifestando rep\u00fadio \u00e0 Proposta de Emenda Constitucional n\u00ba 287, que \u201cAltera os arts. 37, 40, 42, 149, 167, 195, 201 e 203 da Constitui\u00e7\u00e3o, para dispor sobre a seguridade social, estabelece regras de transi\u00e7\u00e3o e d\u00e1 outras provid\u00eancias\u201d.<\/p>\n<\/div><div class=\"sdm_download_link\"><span class=\"sdm_download_button\"><a href=\"https:\/\/www.camaraestrelavelha.rs.gov.br\/portal\/?smd_process_download=1&amp;download_id=1682\" class=\"sdm_download grey\" title=\"Mo\u00e7\u00e3o Rep\u00fadio n\u00ba 01 de 04\/01\/17.APROVADA.\" target=\"_self\">Baixar agora!<\/a><\/span><span class=\"sdm_download_item_count\"><span class=\"sdm_item_count_number\">333<\/span><span class=\"sdm_item_count_string\"> Downloads<\/span><\/span><\/div><\/div><div class=\"sdm_clear_float\"><\/div><div class=\"sdm_pagination\"><\/div><\/div>\n\t\t\t\t<\/div>\n\t\t\t\t<\/div>\n\t\t\t\t<div class=\"elementor-element elementor-element-0bb1f11 elementor-widget elementor-widget-text-editor\" data-id=\"0bb1f11\" data-element_type=\"widget\" data-widget_type=\"text-editor.default\">\n\t\t\t\t<div class=\"elementor-widget-container\">\n\t\t\t\t\t<div class=\"elementor-text-editor elementor-clearfix\"><h2>Pedido de Informa\u00e7\u00f5es<\/h2><\/div>\n\t\t\t\t<\/div>\n\t\t\t\t<\/div>\n\t\t\t\t<div class=\"elementor-element elementor-element-5e1b655 elementor-widget elementor-widget-text-editor\" data-id=\"5e1b655\" data-element_type=\"widget\" data-widget_type=\"text-editor.default\">\n\t\t\t\t<div class=\"elementor-widget-container\">\n\t\t\t\t\t<div class=\"elementor-text-editor elementor-clearfix\"><h2>Pedido de Provid\u00eancia<br><\/h2><\/div>\n\t\t\t\t<\/div>\n\t\t\t\t<\/div>\n\t\t\t\t<div class=\"elementor-element elementor-element-2adeb5c elementor-widget elementor-widget-text-editor\" data-id=\"2adeb5c\" data-element_type=\"widget\" data-widget_type=\"text-editor.default\">\n\t\t\t\t<div class=\"elementor-widget-container\">\n\t\t\t\t\t<div class=\"elementor-text-editor elementor-clearfix\"><div class=\"sdm_download_item \"><div class=\"sdm_download_item_top\"><div class=\"sdm_download_thumbnail\"><\/div><div class=\"sdm_download_title\">Pedido de Provid\u00eancia n\u00ba 22, de 14 de setembro de 2017. APROVADO.<\/div><\/div><div style=\"clear:both\"><\/div><div class=\"sdm_download_description\"><p>Solicita PROVID\u00caNCIAS ao Executivo Municipal, atrav\u00e9s da Secretaria de Obras, Servi\u00e7os P\u00fablicos e Tr\u00e2nsito, para que sejam pintados os quebra-molas, meios-fios e demarca\u00e7\u00f5es das vias p\u00fablicas do Distrito de Rinc\u00e3o da Estrela.<\/p>\n<\/div><div class=\"sdm_download_link\"><span class=\"sdm_download_button\"><a href=\"https:\/\/www.camaraestrelavelha.rs.gov.br\/portal\/?smd_process_download=1&amp;download_id=1684\" class=\"sdm_download grey\" title=\"Pedido de Provid\u00eancia n\u00ba 22, de 14 de setembro de 2017. APROVADO.\" target=\"_self\">Baixar agora!<\/a><\/span><span class=\"sdm_download_item_count\"><span class=\"sdm_item_count_number\">329<\/span><span class=\"sdm_item_count_string\"> Downloads<\/span><\/span><\/div><\/div><div class=\"sdm_clear_float\"><\/div><div class=\"sdm_pagination\"><\/div><\/div>\n\t\t\t\t<\/div>\n\t\t\t\t<\/div>\n\t\t\t\t<div class=\"elementor-element elementor-element-62cf641 elementor-widget elementor-widget-text-editor\" data-id=\"62cf641\" data-element_type=\"widget\" data-widget_type=\"text-editor.default\">\n\t\t\t\t<div class=\"elementor-widget-container\">\n\t\t\t\t\t<div class=\"elementor-text-editor elementor-clearfix\"><h2>Proposi\u00e7\u00f5es de Indica\u00e7\u00e3o<\/h2><\/div>\n\t\t\t\t<\/div>\n\t\t\t\t<\/div>\n\t\t\t\t<div class=\"elementor-element elementor-element-162e8ac elementor-widget elementor-widget-text-editor\" data-id=\"162e8ac\" data-element_type=\"widget\" data-widget_type=\"text-editor.default\">\n\t\t\t\t<div class=\"elementor-widget-container\">\n\t\t\t\t\t<div class=\"elementor-text-editor elementor-clearfix\"><div class=\"sdm_download_item \"><div class=\"sdm_download_item_top\"><div class=\"sdm_download_thumbnail\"><\/div><div class=\"sdm_download_title\">Indica\u00e7\u00e3o n\u00ba 27 de 16 de novembro de 2017.<\/div><\/div><div style=\"clear:both\"><\/div><div class=\"sdm_download_description\"><p>PROP\u00d5E ao Executivo Municipal, atrav\u00e9s da Secretaria Municipal de Educa\u00e7\u00e3o, o resgate do Projeto Crian\u00e7a no Esporte nas Escolas Municipais e Estaduais.<\/p>\n<\/div><div class=\"sdm_download_link\"><span class=\"sdm_download_button\"><a href=\"https:\/\/www.camaraestrelavelha.rs.gov.br\/portal\/?smd_process_download=1&amp;download_id=1694\" class=\"sdm_download grey\" title=\"Indica\u00e7\u00e3o n\u00ba 27 de 16 de novembro de 2017.\" target=\"_self\">Baixar agora!<\/a><\/span><span class=\"sdm_download_item_count\"><span class=\"sdm_item_count_number\">331<\/span><span class=\"sdm_item_count_string\"> Downloads<\/span><\/span><\/div><\/div><div class=\"sdm_download_item \"><div class=\"sdm_download_item_top\"><div class=\"sdm_download_thumbnail\"><\/div><div class=\"sdm_download_title\">Indica\u00e7\u00e3o n\u00ba 25, de 22 de setembro de 2017.<\/div><\/div><div style=\"clear:both\"><\/div><div class=\"sdm_download_description\"><p>Prop\u00f5e ao Executivo Municipal que regularize o uso noturno da canha de rodeios do Parque Municipal Oscar Leite de Moraes.<\/p>\n<\/div><div class=\"sdm_download_link\"><span class=\"sdm_download_button\"><a href=\"https:\/\/www.camaraestrelavelha.rs.gov.br\/portal\/?smd_process_download=1&amp;download_id=1692\" class=\"sdm_download grey\" title=\"Indica\u00e7\u00e3o n\u00ba 25, de 22 de setembro de 2017.\" target=\"_self\">Baixar agora!<\/a><\/span><span class=\"sdm_download_item_count\"><span class=\"sdm_item_count_number\">350<\/span><span class=\"sdm_item_count_string\"> Downloads<\/span><\/span><\/div><\/div><div class=\"sdm_download_item \"><div class=\"sdm_download_item_top\"><div class=\"sdm_download_thumbnail\"><\/div><div class=\"sdm_download_title\">Indica\u00e7\u00e3o n\u00ba 24, de 11 de agosto de 2017.<\/div><\/div><div style=\"clear:both\"><\/div><div class=\"sdm_download_description\"><p>PROP\u00d5E ao Executivo Municipal que estude a possibilidade de firmar conv\u00eanio para repasse mensal de recursos financeiros \u00e0 Casa de Amparo Navegantes de Salto do Jacu\u00ed.<\/p>\n<\/div><div class=\"sdm_download_link\"><span class=\"sdm_download_button\"><a href=\"https:\/\/www.camaraestrelavelha.rs.gov.br\/portal\/?smd_process_download=1&amp;download_id=1690\" class=\"sdm_download grey\" title=\"Indica\u00e7\u00e3o n\u00ba 24, de 11 de agosto de 2017.\" target=\"_self\">Baixar agora!<\/a><\/span><span class=\"sdm_download_item_count\"><span class=\"sdm_item_count_number\">324<\/span><span class=\"sdm_item_count_string\"> Downloads<\/span><\/span><\/div><\/div><div class=\"sdm_download_item \"><div class=\"sdm_download_item_top\"><div class=\"sdm_download_thumbnail\"><\/div><div class=\"sdm_download_title\">Indica\u00e7\u00e3o n\u00ba 11, de 09 de fevereiro de 2017.<\/div><\/div><div style=\"clear:both\"><\/div><div class=\"sdm_download_description\"><p>Prop\u00f5e ao Executivo Municipal, atrav\u00e9s da Secretaria Municipal de Assist\u00eancia Social, Cultura e Turismo a cria\u00e7\u00e3o da \u201cCasa de Cultura\u201d.<\/p>\n<\/div><div class=\"sdm_download_link\"><span class=\"sdm_download_button\"><a href=\"https:\/\/www.camaraestrelavelha.rs.gov.br\/portal\/?smd_process_download=1&amp;download_id=1688\" class=\"sdm_download grey\" title=\"Indica\u00e7\u00e3o n\u00ba 11, de 09 de fevereiro de 2017.\" target=\"_self\">Baixar agora!<\/a><\/span><span class=\"sdm_download_item_count\"><span class=\"sdm_item_count_number\">362<\/span><span class=\"sdm_item_count_string\"> Downloads<\/span><\/span><\/div><\/div><div class=\"sdm_download_item \"><div class=\"sdm_download_item_top\"><div class=\"sdm_download_thumbnail\"><\/div><div class=\"sdm_download_title\">Indica\u00e7\u00e3o n\u00ba 06, de 19 de janeiro de 2017.<\/div><\/div><div style=\"clear:both\"><\/div><div class=\"sdm_download_description\"><p>Onde prop\u00f5e ao Executivo Municipal que crie o Coral Municipal Infanto \u2013 Juvenil \u201cDoce Encanto\u201d, conforme consta no Plano de Governo. ENCAMINHADA AO EXECUTIVO.<\/p>\n<\/div><div class=\"sdm_download_link\"><span class=\"sdm_download_button\"><a href=\"https:\/\/www.camaraestrelavelha.rs.gov.br\/portal\/?smd_process_download=1&amp;download_id=1686\" class=\"sdm_download grey\" title=\"Indica\u00e7\u00e3o n\u00ba 06, de 19 de janeiro de 2017.\" target=\"_self\">Baixar agora!<\/a><\/span><span class=\"sdm_download_item_count\"><span class=\"sdm_item_count_number\">321<\/span><span class=\"sdm_item_count_string\"> Downloads<\/span><\/span><\/div><\/div><div class=\"sdm_clear_float\"><\/div><div class=\"sdm_pagination\"><\/div><\/div>\n\t\t\t\t<\/div>\n\t\t\t\t<\/div>\n\t\t\t\t<div class=\"elementor-element elementor-element-d71f702 elementor-widget elementor-widget-text-editor\" data-id=\"d71f702\" data-element_type=\"widget\" data-widget_type=\"text-editor.default\">\n\t\t\t\t<div class=\"elementor-widget-container\">\n\t\t\t\t\t<div class=\"elementor-text-editor elementor-clearfix\"><h2>Requerimentos<\/h2><\/div>\n\t\t\t\t<\/div>\n\t\t\t\t<\/div>\n\t\t\t\t\t\t<\/div>\n\t\t\t\t\t<\/div>\n\t\t<\/div>\n\t\t\t\t\t\t\t\t<\/div>\n\t\t\t\t\t<\/div>\n\t\t<\/section>\n\t\t\t\t\t\t<\/div>\n\t\t\t\t\t\t<\/div>\n\t\t\t\t\t<\/div>\n\t\t","protected":false},"excerpt":{"rendered":"<p>Eleunice Beatriz Crestani Pinto PARTIDO: PSBEMAIL:\u00a0 TELEFONE: ( 51) 998682314 DESCRI\u00c7\u00c3O: Eleunice Beatriz Crestani Pinto, 63 anos, casada com Cl\u00f3vis Pinto, tr\u00eas filhos: Jo\u00e3o Roberto, Gustavo e Ricardo. Professora Estadual aposentada. Graduada em Educa\u00e7\u00e3o Art\u00edstica e Artes Pl\u00e1sticas. Secret\u00e1ria da Educa\u00e7\u00e3o no Munic\u00edpio de Estrela Velha, Gest\u00e3o 2005 \u00e0 2008. Membro atuante do Grupo da [&hellip;]<\/p>\n","protected":false},"author":2,"featured_media":0,"parent":0,"menu_order":0,"comment_status":"closed","ping_status":"closed","template":"","meta":{"episode_type":"","audio_file":"","duration":"","filesize":"","date_recorded":"","explicit":"","block":"","filesize_raw":""},"_links":{"self":[{"href":"https:\/\/www.camaraestrelavelha.rs.gov.br\/portal\/wp-json\/wp\/v2\/pages\/1697"}],"collection":[{"href":"https:\/\/www.camaraestrelavelha.rs.gov.br\/portal\/wp-json\/wp\/v2\/pages"}],"about":[{"href":"https:\/\/www.camaraestrelavelha.rs.gov.br\/portal\/wp-json\/wp\/v2\/types\/page"}],"author":[{"embeddable":true,"href":"https:\/\/www.camaraestrelavelha.rs.gov.br\/portal\/wp-json\/wp\/v2\/users\/2"}],"replies":[{"embeddable":true,"href":"https:\/\/www.camaraestrelavelha.rs.gov.br\/portal\/wp-json\/wp\/v2\/comments?post=1697"}],"version-history":[{"count":12,"href":"https:\/\/www.camaraestrelavelha.rs.gov.br\/portal\/wp-json\/wp\/v2\/pages\/1697\/revisions"}],"predecessor-version":[{"id":2090,"href":"https:\/\/www.camaraestrelavelha.rs.gov.br\/portal\/wp-json\/wp\/v2\/pages\/1697\/revisions\/2090"}],"wp:attachment":[{"href":"https:\/\/www.camaraestrelavelha.rs.gov.br\/portal\/wp-json\/wp\/v2\/media?parent=1697"}],"curies":[{"name":"wp","href":"https:\/\/api.w.org\/{rel}","templated":true}]}}