{"id":1831,"date":"2020-06-19T15:42:00","date_gmt":"2020-06-19T18:42:00","guid":{"rendered":"http:\/\/camaraestrelavelha.rs.gov.br\/portal\/?page_id=1831"},"modified":"2020-06-19T15:48:17","modified_gmt":"2020-06-19T18:48:17","slug":"jardel-silveira","status":"publish","type":"page","link":"https:\/\/www.camaraestrelavelha.rs.gov.br\/portal\/jardel-silveira\/","title":{"rendered":"Jardel Silveira"},"content":{"rendered":"\t\t<div data-elementor-type=\"wp-page\" data-elementor-id=\"1831\" class=\"elementor elementor-1831\" data-elementor-settings=\"[]\">\n\t\t\t\t\t\t<div class=\"elementor-inner\">\n\t\t\t\t\t\t\t<div class=\"elementor-section-wrap\">\n\t\t\t\t\t\t\t<section class=\"elementor-section elementor-top-section elementor-element elementor-element-f509df8 elementor-section-boxed elementor-section-height-default elementor-section-height-default\" data-id=\"f509df8\" data-element_type=\"section\">\n\t\t\t\t\t\t<div class=\"elementor-container elementor-column-gap-default\">\n\t\t\t\t\t\t\t<div class=\"elementor-row\">\n\t\t\t\t\t<div class=\"elementor-column elementor-col-100 elementor-top-column elementor-element elementor-element-309b9f2\" data-id=\"309b9f2\" data-element_type=\"column\">\n\t\t\t<div class=\"elementor-column-wrap elementor-element-populated\">\n\t\t\t\t\t\t\t<div class=\"elementor-widget-wrap\">\n\t\t\t\t\t\t<div class=\"elementor-element elementor-element-fa102ae elementor-widget elementor-widget-text-editor\" data-id=\"fa102ae\" data-element_type=\"widget\" data-widget_type=\"text-editor.default\">\n\t\t\t\t<div class=\"elementor-widget-container\">\n\t\t\t\t\t<div class=\"elementor-text-editor elementor-clearfix\"><h1>Jardel Silveira<\/h1><h1><img loading=\"lazy\" src=\"http:\/\/camaraestrelavelha.rs.gov.br\/portal\/wp-content\/uploads\/2020\/06\/Jardel-200x300.jpg\" alt=\"\" width=\"200\" height=\"300\" \/><\/h1><p>PARTIDO: PP<br \/>EMAIL: <span style=\"font-size: 12.0pt; line-height: 115%; font-family: 'Arial','sans-serif';\"><a href=\"mailto:jardel_silveira@yahoo.com.br\">jardel_silveira@yahoo.com.br<\/a><\/span><\/p><p>TELEFONE: <span style=\"color: #545454; font-family: Arial, sans-serif; font-size: 21.3333px;\">(51)999114769<\/span><\/p><p><span style=\"font-size: 12.0pt; line-height: 115%; font-family: 'Arial','sans-serif';\">DESCRI\u00c7\u00c3O:<\/span><\/p><p><span style=\"font-size: 12.0pt; line-height: 115%; font-family: 'Arial','sans-serif';\"><span style=\"font-family: Arial, sans-serif; font-size: 12pt; text-align: justify;\">Nascido em 24\/06\/1986, na Localidade de Col\u00f4nia Juven\u00edlia, na \u00e9poca interior do Munic\u00edpio de Arroio do Tigre (Munic\u00edpio-m\u00e3e) e atualmente pertencente \u00e0 Estrela Velha. Possui forma\u00e7\u00e3o de ensino superior em Gest\u00e3o P\u00fablica e p\u00f3s-gradua\u00e7\u00e3o em Gest\u00e3o da Educa\u00e7\u00e3o Municipal. Iniciou sua carreira profissional no servi\u00e7o p\u00fablico no Munic\u00edpio de Estrela Velha, no ano de 2005, contrato de Agente Administrativo Auxiliar, atuando na Secretaria Municipal da Agricultura Fomento Econ\u00f4mico e Meio Ambiente, sendo a partir de 06 de fevereiro de 2006, servidor p\u00fablico municipal do quadro de provimento efetivo em Estrela Velha, ocupante do cargo de Agente Administrativo Auxiliar. Foi eleito Vereador pelo PP com 154 votos na gest\u00e3o 2013-2016 e reeleito Vereador pelo PP com 157 votos.<\/span><\/span><\/p><p style=\"text-align: justify;\"><span style=\"font-family: Arial, sans-serif; font-size: 12pt; text-align: justify;\">\u00a0<\/span><\/p><div><h1>\u00a0<\/h1><h1>ATIVIDADES DO ANO DE 2018<\/h1><\/div><div>\u00a0<\/div><h2>Emendas<\/h2><\/div>\n\t\t\t\t<\/div>\n\t\t\t\t<\/div>\n\t\t\t\t<div class=\"elementor-element elementor-element-0cd81ef elementor-widget elementor-widget-text-editor\" data-id=\"0cd81ef\" data-element_type=\"widget\" data-widget_type=\"text-editor.default\">\n\t\t\t\t<div class=\"elementor-widget-container\">\n\t\t\t\t\t<div class=\"elementor-text-editor elementor-clearfix\"><div class=\"sdm_download_item \"><div class=\"sdm_download_item_top\"><div class=\"sdm_download_thumbnail\"><\/div><div class=\"sdm_download_title\">EMENDA MODIFICATIVA N\u00ba 02, de 08 de outubro de 2018.<\/div><\/div><div style=\"clear:both\"><\/div><div class=\"sdm_download_description\"><p>Modifica dispositivos no Anexo III do Projeto de Lei n\u00ba 1.288, de 10 de setembro de 2018, que \u201cDisp\u00f5e sobre as Diretrizes Or\u00e7ament\u00e1ria para o exerc\u00edcio financeiro de 2019\u201d.<\/p>\n<\/div><div class=\"sdm_download_link\"><span class=\"sdm_download_button\"><a href=\"https:\/\/www.camaraestrelavelha.rs.gov.br\/portal\/?smd_process_download=1&amp;download_id=1880\" class=\"sdm_download grey\" title=\"EMENDA MODIFICATIVA N\u00ba 02, de 08 de outubro de 2018.\" target=\"_self\">Baixar agora!<\/a><\/span><span class=\"sdm_download_item_count\"><span class=\"sdm_item_count_number\">324<\/span><span class=\"sdm_item_count_string\"> Downloads<\/span><\/span><\/div><\/div><div class=\"sdm_clear_float\"><\/div><div class=\"sdm_pagination\"><\/div><\/div>\n\t\t\t\t<\/div>\n\t\t\t\t<\/div>\n\t\t\t\t<div class=\"elementor-element elementor-element-3b3c741 elementor-widget elementor-widget-text-editor\" data-id=\"3b3c741\" data-element_type=\"widget\" data-widget_type=\"text-editor.default\">\n\t\t\t\t<div class=\"elementor-widget-container\">\n\t\t\t\t\t<div class=\"elementor-text-editor elementor-clearfix\"><h2>Mo\u00e7\u00f5es<\/h2><\/div>\n\t\t\t\t<\/div>\n\t\t\t\t<\/div>\n\t\t\t\t<div class=\"elementor-element elementor-element-c22bf1a elementor-widget elementor-widget-text-editor\" data-id=\"c22bf1a\" data-element_type=\"widget\" data-widget_type=\"text-editor.default\">\n\t\t\t\t<div class=\"elementor-widget-container\">\n\t\t\t\t\t<div class=\"elementor-text-editor elementor-clearfix\"><h2>Pedido de Informa\u00e7\u00f5es<\/h2><\/div>\n\t\t\t\t<\/div>\n\t\t\t\t<\/div>\n\t\t\t\t<div class=\"elementor-element elementor-element-9315cc0 elementor-widget elementor-widget-text-editor\" data-id=\"9315cc0\" data-element_type=\"widget\" data-widget_type=\"text-editor.default\">\n\t\t\t\t<div class=\"elementor-widget-container\">\n\t\t\t\t\t<div class=\"elementor-text-editor elementor-clearfix\"><h2>Pedido de Provid\u00eancia<br><\/h2><\/div>\n\t\t\t\t<\/div>\n\t\t\t\t<\/div>\n\t\t\t\t<div class=\"elementor-element elementor-element-64384c1 elementor-widget elementor-widget-text-editor\" data-id=\"64384c1\" data-element_type=\"widget\" data-widget_type=\"text-editor.default\">\n\t\t\t\t<div class=\"elementor-widget-container\">\n\t\t\t\t\t<div class=\"elementor-text-editor elementor-clearfix\"><h2>Proposi\u00e7\u00f5es de Indica\u00e7\u00e3o<\/h2><\/div>\n\t\t\t\t<\/div>\n\t\t\t\t<\/div>\n\t\t\t\t<div class=\"elementor-element elementor-element-a90670b elementor-widget elementor-widget-text-editor\" data-id=\"a90670b\" data-element_type=\"widget\" data-widget_type=\"text-editor.default\">\n\t\t\t\t<div class=\"elementor-widget-container\">\n\t\t\t\t\t<div class=\"elementor-text-editor elementor-clearfix\"><div class=\"sdm_download_item \"><div class=\"sdm_download_item_top\"><div class=\"sdm_download_thumbnail\"><\/div><div class=\"sdm_download_title\">Indica\u00e7\u00e3o n\u00ba 04, de 20 de agosto de 2018.<\/div><\/div><div style=\"clear:both\"><\/div><div class=\"sdm_download_description\"><p>PROP\u00d5E ao Executivo Municipal a realiza\u00e7\u00e3o de um projeto de obra e instala\u00e7\u00e3o, para constru\u00e7\u00e3o de um espa\u00e7o adequado para lavagem dos ve\u00edculos e m\u00e1quinas de todas as secretarias municipais, no Parque de M\u00e1quinas da Prefeitura Municipal.<\/p>\n<\/div><div class=\"sdm_download_link\"><span class=\"sdm_download_button\"><a href=\"https:\/\/www.camaraestrelavelha.rs.gov.br\/portal\/?smd_process_download=1&amp;download_id=1882\" class=\"sdm_download grey\" title=\"Indica\u00e7\u00e3o n\u00ba 04, de 20 de agosto de 2018.\" target=\"_self\">Baixar agora!<\/a><\/span><span class=\"sdm_download_item_count\"><span class=\"sdm_item_count_number\">339<\/span><span class=\"sdm_item_count_string\"> Downloads<\/span><\/span><\/div><\/div><div class=\"sdm_clear_float\"><\/div><div class=\"sdm_pagination\"><\/div><\/div>\n\t\t\t\t<\/div>\n\t\t\t\t<\/div>\n\t\t\t\t<div class=\"elementor-element elementor-element-4f03968 elementor-widget elementor-widget-text-editor\" data-id=\"4f03968\" data-element_type=\"widget\" data-widget_type=\"text-editor.default\">\n\t\t\t\t<div class=\"elementor-widget-container\">\n\t\t\t\t\t<div class=\"elementor-text-editor elementor-clearfix\"><h2>Requerimentos<\/h2><\/div>\n\t\t\t\t<\/div>\n\t\t\t\t<\/div>\n\t\t\t\t<div class=\"elementor-element elementor-element-c7a9a31 elementor-widget elementor-widget-text-editor\" data-id=\"c7a9a31\" data-element_type=\"widget\" data-widget_type=\"text-editor.default\">\n\t\t\t\t<div class=\"elementor-widget-container\">\n\t\t\t\t\t<div class=\"elementor-text-editor elementor-clearfix\"><h1>ATIVIDADES DO ANO DE 2017<\/h1><div>\u00a0<\/div><h2>Emendas<\/h2><\/div>\n\t\t\t\t<\/div>\n\t\t\t\t<\/div>\n\t\t\t\t<div class=\"elementor-element elementor-element-9eae724 elementor-widget elementor-widget-text-editor\" data-id=\"9eae724\" data-element_type=\"widget\" data-widget_type=\"text-editor.default\">\n\t\t\t\t<div class=\"elementor-widget-container\">\n\t\t\t\t\t<div class=\"elementor-text-editor elementor-clearfix\"><div class=\"sdm_download_item \"><div class=\"sdm_download_item_top\"><div class=\"sdm_download_thumbnail\"><\/div><div class=\"sdm_download_title\">Emenda Supressiva n\u00ba 01\/2017, de 20 de outubro de 2017.<\/div><\/div><div style=\"clear:both\"><\/div><div class=\"sdm_download_description\"><p>Emenda Supressiva n\u00ba 01\/2017 de autoria do Poder Legislativo, onde &#8220;Suprime dispositivos no Projeto de 1.237, de 31 de agosto de 2017, que Disp\u00f5e sobre as diretrizes or\u00e7ament\u00e1rias para o exerc\u00edcio financeiro de 2018&#8221;. APROVADA POR UNANIMIDADE.<\/p>\n<\/div><div class=\"sdm_download_link\"><span class=\"sdm_download_button\"><a href=\"https:\/\/www.camaraestrelavelha.rs.gov.br\/portal\/?smd_process_download=1&amp;download_id=1892\" class=\"sdm_download grey\" title=\"Emenda Supressiva n\u00ba 01\/2017, de 20 de outubro de 2017.\" target=\"_self\">Baixar agora!<\/a><\/span><span class=\"sdm_download_item_count\"><span class=\"sdm_item_count_number\">334<\/span><span class=\"sdm_item_count_string\"> Downloads<\/span><\/span><\/div><\/div><div class=\"sdm_download_item \"><div class=\"sdm_download_item_top\"><div class=\"sdm_download_thumbnail\"><\/div><div class=\"sdm_download_title\">Emenda Modificativa n\u00ba 03\/2017, de 20 de outubro de 2017.<\/div><\/div><div style=\"clear:both\"><\/div><div class=\"sdm_download_description\"><p>Emenda Modificativa n\u00ba 03\/2017 de autoria do Poder Legislativo, onde &#8220;Modifica dispositivos no Projeto de 1.237, de 31 de agosto de 2017, que Disp\u00f5e sobre as diretrizes or\u00e7ament\u00e1rias para o exerc\u00edcio financeiro de 2018&#8221;. APROVADA POR UNANIMIDADE.<\/p>\n<\/div><div class=\"sdm_download_link\"><span class=\"sdm_download_button\"><a href=\"https:\/\/www.camaraestrelavelha.rs.gov.br\/portal\/?smd_process_download=1&amp;download_id=1890\" class=\"sdm_download grey\" title=\"Emenda Modificativa n\u00ba 03\/2017, de 20 de outubro de 2017.\" target=\"_self\">Baixar agora!<\/a><\/span><span class=\"sdm_download_item_count\"><span class=\"sdm_item_count_number\">327<\/span><span class=\"sdm_item_count_string\"> Downloads<\/span><\/span><\/div><\/div><div class=\"sdm_download_item \"><div class=\"sdm_download_item_top\"><div class=\"sdm_download_thumbnail\"><\/div><div class=\"sdm_download_title\">Emenda Aditiva n\u00ba 12, de 20 de outubro de 2017.<\/div><\/div><div style=\"clear:both\"><\/div><div class=\"sdm_download_description\"><p>Emendas Aditivas, de autoria do Poder Legislativo, onde &#8220;Adiciona dispositivos no Projeto de 1.237, de 31 de agosto de 2017, que Disp\u00f5e sobre as diretrizes or\u00e7ament\u00e1rias para o exerc\u00edcio financeiro de 2018&#8221;. APROVADA POR UNANIMIDADE.<\/p>\n<\/div><div class=\"sdm_download_link\"><span class=\"sdm_download_button\"><a href=\"https:\/\/www.camaraestrelavelha.rs.gov.br\/portal\/?smd_process_download=1&amp;download_id=1888\" class=\"sdm_download grey\" title=\"Emenda Aditiva n\u00ba 12, de 20 de outubro de 2017.\" target=\"_self\">Baixar agora!<\/a><\/span><span class=\"sdm_download_item_count\"><span class=\"sdm_item_count_number\">336<\/span><span class=\"sdm_item_count_string\"> Downloads<\/span><\/span><\/div><\/div><div class=\"sdm_download_item \"><div class=\"sdm_download_item_top\"><div class=\"sdm_download_thumbnail\"><\/div><div class=\"sdm_download_title\">Emenda Aditiva n\u00ba 11, de 20 de outubro de 2017.<\/div><\/div><div style=\"clear:both\"><\/div><div class=\"sdm_download_description\"><p>Emendas Aditivas, de autoria do Poder Legislativo, onde &#8220;Adiciona dispositivos no Projeto de 1.237, de 31 de agosto de 2017, que Disp\u00f5e sobre as diretrizes or\u00e7ament\u00e1rias para o exerc\u00edcio financeiro de 2018&#8221;. APROVADA POR UNANIMIDADE.<\/p>\n<\/div><div class=\"sdm_download_link\"><span class=\"sdm_download_button\"><a href=\"https:\/\/www.camaraestrelavelha.rs.gov.br\/portal\/?smd_process_download=1&amp;download_id=1886\" class=\"sdm_download grey\" title=\"Emenda Aditiva n\u00ba 11, de 20 de outubro de 2017.\" target=\"_self\">Baixar agora!<\/a><\/span><span class=\"sdm_download_item_count\"><span class=\"sdm_item_count_number\">333<\/span><span class=\"sdm_item_count_string\"> Downloads<\/span><\/span><\/div><\/div><div class=\"sdm_download_item \"><div class=\"sdm_download_item_top\"><div class=\"sdm_download_thumbnail\"><\/div><div class=\"sdm_download_title\">Emenda Aditiva n\u00ba 10, de 20 de outubro de 2017.<\/div><\/div><div style=\"clear:both\"><\/div><div class=\"sdm_download_description\"><p>Emendas Aditivas, de autoria do Poder Legislativo, onde &#8220;Adiciona dispositivos no Projeto de 1.237, de 31 de agosto de 2017, que Disp\u00f5e sobre as diretrizes or\u00e7ament\u00e1rias para o exerc\u00edcio financeiro de 2018&#8221;. APROVADA POR UNANIMIDADE.<\/p>\n<\/div><div class=\"sdm_download_link\"><span class=\"sdm_download_button\"><a href=\"https:\/\/www.camaraestrelavelha.rs.gov.br\/portal\/?smd_process_download=1&amp;download_id=1884\" class=\"sdm_download grey\" title=\"Emenda Aditiva n\u00ba 10, de 20 de outubro de 2017.\" target=\"_self\">Baixar agora!<\/a><\/span><span class=\"sdm_download_item_count\"><span class=\"sdm_item_count_number\">341<\/span><span class=\"sdm_item_count_string\"> Downloads<\/span><\/span><\/div><\/div><div class=\"sdm_clear_float\"><\/div><div class=\"sdm_pagination\"><\/div><\/div>\n\t\t\t\t<\/div>\n\t\t\t\t<\/div>\n\t\t\t\t<div class=\"elementor-element elementor-element-8ec4261 elementor-widget elementor-widget-text-editor\" data-id=\"8ec4261\" data-element_type=\"widget\" data-widget_type=\"text-editor.default\">\n\t\t\t\t<div class=\"elementor-widget-container\">\n\t\t\t\t\t<div class=\"elementor-text-editor elementor-clearfix\"><div>\u00a0<\/div><h2>Mo\u00e7\u00f5es<\/h2><\/div>\n\t\t\t\t<\/div>\n\t\t\t\t<\/div>\n\t\t\t\t<div class=\"elementor-element elementor-element-abe8dec elementor-widget elementor-widget-text-editor\" data-id=\"abe8dec\" data-element_type=\"widget\" data-widget_type=\"text-editor.default\">\n\t\t\t\t<div class=\"elementor-widget-container\">\n\t\t\t\t\t<div class=\"elementor-text-editor elementor-clearfix\"><div class=\"sdm_download_item \"><div class=\"sdm_download_item_top\"><div class=\"sdm_download_thumbnail\"><\/div><div class=\"sdm_download_title\">Mo\u00e7\u00e3o Rep\u00fadio n\u00ba 01 de 04\/01\/17.APROVADA.<\/div><\/div><div style=\"clear:both\"><\/div><div class=\"sdm_download_description\"><p>Mo\u00e7\u00e3o de Rep\u00fadio n\u00ba 01, de 04 de janeiro de 2017, de autoria da Vereadora Lenise Maria Schonfeldt Rodrigues, manifestando rep\u00fadio \u00e0 Proposta de Emenda Constitucional n\u00ba 287, que \u201cAltera os arts. 37, 40, 42, 149, 167, 195, 201 e 203 da Constitui\u00e7\u00e3o, para dispor sobre a seguridade social, estabelece regras de transi\u00e7\u00e3o e d\u00e1 outras provid\u00eancias\u201d.<\/p>\n<\/div><div class=\"sdm_download_link\"><span class=\"sdm_download_button\"><a href=\"https:\/\/www.camaraestrelavelha.rs.gov.br\/portal\/?smd_process_download=1&amp;download_id=1894\" class=\"sdm_download grey\" title=\"Mo\u00e7\u00e3o Rep\u00fadio n\u00ba 01 de 04\/01\/17.APROVADA.\" target=\"_self\">Baixar agora!<\/a><\/span><span class=\"sdm_download_item_count\"><span class=\"sdm_item_count_number\">366<\/span><span class=\"sdm_item_count_string\"> Downloads<\/span><\/span><\/div><\/div><div class=\"sdm_clear_float\"><\/div><div class=\"sdm_pagination\"><\/div><\/div>\n\t\t\t\t<\/div>\n\t\t\t\t<\/div>\n\t\t\t\t<div class=\"elementor-element elementor-element-c973acd elementor-widget elementor-widget-text-editor\" data-id=\"c973acd\" data-element_type=\"widget\" data-widget_type=\"text-editor.default\">\n\t\t\t\t<div class=\"elementor-widget-container\">\n\t\t\t\t\t<div class=\"elementor-text-editor elementor-clearfix\"><h2>Pedido de Informa\u00e7\u00f5es<\/h2><\/div>\n\t\t\t\t<\/div>\n\t\t\t\t<\/div>\n\t\t\t\t<div class=\"elementor-element elementor-element-a7fa247 elementor-widget elementor-widget-text-editor\" data-id=\"a7fa247\" data-element_type=\"widget\" data-widget_type=\"text-editor.default\">\n\t\t\t\t<div class=\"elementor-widget-container\">\n\t\t\t\t\t<div class=\"elementor-text-editor elementor-clearfix\"><h2>Pedido de Provid\u00eancia<\/h2><\/div>\n\t\t\t\t<\/div>\n\t\t\t\t<\/div>\n\t\t\t\t<div class=\"elementor-element elementor-element-58bd9f4 elementor-widget elementor-widget-text-editor\" data-id=\"58bd9f4\" data-element_type=\"widget\" data-widget_type=\"text-editor.default\">\n\t\t\t\t<div class=\"elementor-widget-container\">\n\t\t\t\t\t<div class=\"elementor-text-editor elementor-clearfix\"><h2>Proposi\u00e7\u00f5es de Indica\u00e7\u00e3o<\/h2><\/div>\n\t\t\t\t<\/div>\n\t\t\t\t<\/div>\n\t\t\t\t<div class=\"elementor-element elementor-element-983119c elementor-widget elementor-widget-text-editor\" data-id=\"983119c\" data-element_type=\"widget\" data-widget_type=\"text-editor.default\">\n\t\t\t\t<div class=\"elementor-widget-container\">\n\t\t\t\t\t<div class=\"elementor-text-editor elementor-clearfix\">\n<div class=\"sdm_download_item \"><div class=\"sdm_download_item_top\"><div class=\"sdm_download_thumbnail\"><\/div><div class=\"sdm_download_title\">Indica\u00e7\u00e3o n\u00ba 03, de 16 de janeiro de 2017.<\/div><\/div><div style=\"clear:both\"><\/div><div class=\"sdm_download_description\"><p>Onde prop\u00f5e ao Executivo Municipal que analise a possibilidade de pagamento da \u00faltima parcela do respetivo adicional aos servidores municipais devido a contagem do tempo de servi\u00e7o conforme disp\u00f5e a Lei Municipal n\u00ba 1.141\/2015, logo no in\u00edcio do exerc\u00edcio de 2017.<\/p>\n<\/div><div class=\"sdm_download_link\"><span class=\"sdm_download_button\"><a href=\"https:\/\/www.camaraestrelavelha.rs.gov.br\/portal\/?smd_process_download=1&amp;download_id=1896\" class=\"sdm_download grey\" title=\"Indica\u00e7\u00e3o n\u00ba 03, de 16 de janeiro de 2017.\" target=\"_self\">Baixar agora!<\/a><\/span><span class=\"sdm_download_item_count\"><span class=\"sdm_item_count_number\">355<\/span><span class=\"sdm_item_count_string\"> Downloads<\/span><\/span><\/div><\/div><div class=\"sdm_clear_float\"><\/div><div class=\"sdm_pagination\"><\/div><\/div>\n\t\t\t\t<\/div>\n\t\t\t\t<\/div>\n\t\t\t\t<div class=\"elementor-element elementor-element-c89ce68 elementor-widget elementor-widget-text-editor\" data-id=\"c89ce68\" data-element_type=\"widget\" data-widget_type=\"text-editor.default\">\n\t\t\t\t<div class=\"elementor-widget-container\">\n\t\t\t\t\t<div class=\"elementor-text-editor elementor-clearfix\"><h2>Requerimentos<\/h2><\/div>\n\t\t\t\t<\/div>\n\t\t\t\t<\/div>\n\t\t\t\t\t\t<\/div>\n\t\t\t\t\t<\/div>\n\t\t<\/div>\n\t\t\t\t\t\t\t\t<\/div>\n\t\t\t\t\t<\/div>\n\t\t<\/section>\n\t\t\t\t\t\t<\/div>\n\t\t\t\t\t\t<\/div>\n\t\t\t\t\t<\/div>\n\t\t","protected":false},"excerpt":{"rendered":"<p>Jardel Silveira PARTIDO: PPEMAIL: jardel_silveira@yahoo.com.br TELEFONE: (51)999114769 DESCRI\u00c7\u00c3O: Nascido em 24\/06\/1986, na Localidade de Col\u00f4nia Juven\u00edlia, na \u00e9poca interior do Munic\u00edpio de Arroio do Tigre (Munic\u00edpio-m\u00e3e) e atualmente pertencente \u00e0 Estrela Velha. Possui forma\u00e7\u00e3o de ensino superior em Gest\u00e3o P\u00fablica e p\u00f3s-gradua\u00e7\u00e3o em Gest\u00e3o da Educa\u00e7\u00e3o Municipal. Iniciou sua carreira profissional no servi\u00e7o p\u00fablico no [&hellip;]<\/p>\n","protected":false},"author":2,"featured_media":0,"parent":0,"menu_order":0,"comment_status":"closed","ping_status":"closed","template":"","meta":{"episode_type":"","audio_file":"","duration":"","filesize":"","date_recorded":"","explicit":"","block":"","filesize_raw":""},"_links":{"self":[{"href":"https:\/\/www.camaraestrelavelha.rs.gov.br\/portal\/wp-json\/wp\/v2\/pages\/1831"}],"collection":[{"href":"https:\/\/www.camaraestrelavelha.rs.gov.br\/portal\/wp-json\/wp\/v2\/pages"}],"about":[{"href":"https:\/\/www.camaraestrelavelha.rs.gov.br\/portal\/wp-json\/wp\/v2\/types\/page"}],"author":[{"embeddable":true,"href":"https:\/\/www.camaraestrelavelha.rs.gov.br\/portal\/wp-json\/wp\/v2\/users\/2"}],"replies":[{"embeddable":true,"href":"https:\/\/www.camaraestrelavelha.rs.gov.br\/portal\/wp-json\/wp\/v2\/comments?post=1831"}],"version-history":[{"count":8,"href":"https:\/\/www.camaraestrelavelha.rs.gov.br\/portal\/wp-json\/wp\/v2\/pages\/1831\/revisions"}],"predecessor-version":[{"id":1840,"href":"https:\/\/www.camaraestrelavelha.rs.gov.br\/portal\/wp-json\/wp\/v2\/pages\/1831\/revisions\/1840"}],"wp:attachment":[{"href":"https:\/\/www.camaraestrelavelha.rs.gov.br\/portal\/wp-json\/wp\/v2\/media?parent=1831"}],"curies":[{"name":"wp","href":"https:\/\/api.w.org\/{rel}","templated":true}]}}