{"id":204,"date":"2020-03-26T14:17:00","date_gmt":"2020-03-26T17:17:00","guid":{"rendered":"http:\/\/camaraestrelavelha.rs.gov.br\/portal\/?page_id=204"},"modified":"2020-03-26T14:22:19","modified_gmt":"2020-03-26T17:22:19","slug":"composicao-politica","status":"publish","type":"page","link":"https:\/\/www.camaraestrelavelha.rs.gov.br\/portal\/composicao-politica\/","title":{"rendered":"Composi\u00e7\u00e3o Pol\u00edtica"},"content":{"rendered":"\n<h2>Composi\u00e7\u00e3o Pol\u00edtica<\/h2>\n\n\n\n<p>A C\u00e2mara de Vereadores de Estrela Velha \u00e9 composta por 9 vereadores.<br>A posse dos eleitos ocorre sempre em 1\u00ba de janeiro do ano seguinte \u00e0s elei\u00e7\u00f5es.<br>A mesa diretora \u00e9 composta de Presidente, Vice-Presidente, 1\u00ba Secret\u00e1rio e 2\u00ba Secret\u00e1rio.<br>O mandato da mesa \u00e9 fixado em 1 ano, permitida a reelei\u00e7\u00e3o para o mesmo cargo.<br>A primeira elei\u00e7\u00e3o da mesa ser\u00e1 imediatamente ap\u00f3s a posse dos eleitos.<br>A renova\u00e7\u00e3o da mesa ocorre na \u00faltima sess\u00e3o ordin\u00e1ria de cada ano legislativo.<\/p>\n\n\n\n<p><\/p>\n","protected":false},"excerpt":{"rendered":"<p>Composi\u00e7\u00e3o Pol\u00edtica A C\u00e2mara de Vereadores de Estrela Velha \u00e9 composta por 9 vereadores.A posse dos eleitos ocorre sempre em 1\u00ba de janeiro do ano seguinte \u00e0s elei\u00e7\u00f5es.A mesa diretora \u00e9 composta de Presidente, Vice-Presidente, 1\u00ba Secret\u00e1rio e 2\u00ba Secret\u00e1rio.O mandato da mesa \u00e9 fixado em 1 ano, permitida a reelei\u00e7\u00e3o para o mesmo cargo.A [&hellip;]<\/p>\n","protected":false},"author":2,"featured_media":0,"parent":0,"menu_order":0,"comment_status":"closed","ping_status":"closed","template":"","meta":{"episode_type":"","audio_file":"","duration":"","filesize":"","date_recorded":"","explicit":"","block":"","filesize_raw":""},"_links":{"self":[{"href":"https:\/\/www.camaraestrelavelha.rs.gov.br\/portal\/wp-json\/wp\/v2\/pages\/204"}],"collection":[{"href":"https:\/\/www.camaraestrelavelha.rs.gov.br\/portal\/wp-json\/wp\/v2\/pages"}],"about":[{"href":"https:\/\/www.camaraestrelavelha.rs.gov.br\/portal\/wp-json\/wp\/v2\/types\/page"}],"author":[{"embeddable":true,"href":"https:\/\/www.camaraestrelavelha.rs.gov.br\/portal\/wp-json\/wp\/v2\/users\/2"}],"replies":[{"embeddable":true,"href":"https:\/\/www.camaraestrelavelha.rs.gov.br\/portal\/wp-json\/wp\/v2\/comments?post=204"}],"version-history":[{"count":2,"href":"https:\/\/www.camaraestrelavelha.rs.gov.br\/portal\/wp-json\/wp\/v2\/pages\/204\/revisions"}],"predecessor-version":[{"id":211,"href":"https:\/\/www.camaraestrelavelha.rs.gov.br\/portal\/wp-json\/wp\/v2\/pages\/204\/revisions\/211"}],"wp:attachment":[{"href":"https:\/\/www.camaraestrelavelha.rs.gov.br\/portal\/wp-json\/wp\/v2\/media?parent=204"}],"curies":[{"name":"wp","href":"https:\/\/api.w.org\/{rel}","templated":true}]}}