{"id":632,"date":"2020-05-04T15:18:56","date_gmt":"2020-05-04T18:18:56","guid":{"rendered":"http:\/\/camaraestrelavelha.rs.gov.br\/portal\/?page_id=632"},"modified":"2020-05-04T15:18:56","modified_gmt":"2020-05-04T18:18:56","slug":"processos-legislativos","status":"publish","type":"page","link":"https:\/\/www.camaraestrelavelha.rs.gov.br\/portal\/processos-legislativos\/","title":{"rendered":"Processos Legislativos"},"content":{"rendered":"<h1>ATOS ADMINISTRATIVOS<\/h1>\n<p style=\"text-align: justify;\">DECRETOS \u2013 s\u00e3o atos administrativos da compet\u00eancia exclusiva dos chefes do Executivo.<br \/>\nPORTARIAS \u2013 s\u00e3o atos administrativos pelos quais as autoridades competentes determinam provid\u00eancias de car\u00e1ter administrativo, d\u00e3o instru\u00e7\u00f5es sobre a execu\u00e7\u00e3o de leis e servi\u00e7os, definem situa\u00e7\u00f5es funcionais e aplicam medidas de ordem disciplinar.<br \/>\nALVAR\u00c1 \u2013 \u00e9 o instrumento de Licen\u00e7a ou de Autoriza\u00e7\u00e3o para o exerc\u00edcio de um direito, para a pr\u00e1tica de um ato, ou para a realiza\u00e7\u00e3o de uma atividade dependente do policiamento administrativo. Alvar\u00e1 de Licen\u00e7a \u2013 tem car\u00e1ter definitivo Alvar\u00e1 de Autoriza\u00e7\u00e3o \u2013 tem car\u00e1ter prec\u00e1rio.<br \/>\nINSTRU\u00c7\u00c3O \u2013 \u00e9 a formula mediante a qual os superiores expedem normas gerais, de car\u00e1ter interno, que prescrevem o modo de atua\u00e7\u00e3o dos subordinados em rela\u00e7\u00e3o a certo servi\u00e7o.<br \/>\nCIRCULARES \u2013 s\u00e3o ordens escritas, de car\u00e1ter uniforme, expedidas a determinados funcion\u00e1rios ou agentes administrativos incumbidos de certo servi\u00e7o ou de desempenho de certas atribui\u00e7\u00f5es em circunst\u00e2ncias especiais. Objetivam ordenamento do servi\u00e7o.<br \/>\nRESOLU\u00c7\u00c3O \u2013 \u00e9 o ato de autoridade competente de um \u00f3rg\u00e3o de delibera\u00e7\u00e3o coletiva para estabelecer normas regulamentares (toma uma decis\u00e3o, imp\u00f5e uma ordem ou medida).<br \/>\nORDEM DE SERVI\u00c7O \u2013 s\u00e3o determina\u00e7\u00f5es especiais dirigidas dos respons\u00e1veis por obras ou servi\u00e7os p\u00fablicos, contendo imposi\u00e7\u00f5es de car\u00e1ter administrativo, ou especifica\u00e7\u00f5es t\u00e9cnicas sobre o modo e forma de sua realiza\u00e7\u00e3o.<br \/>\nPARECER \u2013 s\u00e3o manifesta\u00e7\u00f5es de \u00f3rg\u00e3os t\u00e9cnicos sobre assuntos submetidos \u00e0 sua considera\u00e7\u00e3o.<br \/>\nOF\u00cdCIOS \u2013 s\u00e3o comunica\u00e7\u00f5es escritas que as autoridades fazem entre si, entre subalternos e superiores, e entre a administra\u00e7\u00e3o e particulares, em car\u00e1ter oficial.<br \/>\nDESPACHO \u2013 \u00e9 a decis\u00e3o que a autoridade administrativa profere em papeis, requerimentos e processos colocados \u00e0 sua disposi\u00e7\u00e3o.<br \/>\nMEMORANDO \u2013 \u00e9 correspond\u00eancia interna entre diretores e chefes de servi\u00e7o<\/p>\n","protected":false},"excerpt":{"rendered":"<p>ATOS ADMINISTRATIVOS DECRETOS \u2013 s\u00e3o atos administrativos da compet\u00eancia exclusiva dos chefes do Executivo. PORTARIAS \u2013 s\u00e3o atos administrativos pelos quais as autoridades competentes determinam provid\u00eancias de car\u00e1ter administrativo, d\u00e3o instru\u00e7\u00f5es sobre a execu\u00e7\u00e3o de leis e servi\u00e7os, definem situa\u00e7\u00f5es funcionais e aplicam medidas de ordem disciplinar. ALVAR\u00c1 \u2013 \u00e9 o instrumento de Licen\u00e7a ou [&hellip;]<\/p>\n","protected":false},"author":2,"featured_media":0,"parent":0,"menu_order":0,"comment_status":"closed","ping_status":"closed","template":"","meta":{"episode_type":"","audio_file":"","duration":"","filesize":"","date_recorded":"","explicit":"","block":"","filesize_raw":""},"_links":{"self":[{"href":"https:\/\/www.camaraestrelavelha.rs.gov.br\/portal\/wp-json\/wp\/v2\/pages\/632"}],"collection":[{"href":"https:\/\/www.camaraestrelavelha.rs.gov.br\/portal\/wp-json\/wp\/v2\/pages"}],"about":[{"href":"https:\/\/www.camaraestrelavelha.rs.gov.br\/portal\/wp-json\/wp\/v2\/types\/page"}],"author":[{"embeddable":true,"href":"https:\/\/www.camaraestrelavelha.rs.gov.br\/portal\/wp-json\/wp\/v2\/users\/2"}],"replies":[{"embeddable":true,"href":"https:\/\/www.camaraestrelavelha.rs.gov.br\/portal\/wp-json\/wp\/v2\/comments?post=632"}],"version-history":[{"count":1,"href":"https:\/\/www.camaraestrelavelha.rs.gov.br\/portal\/wp-json\/wp\/v2\/pages\/632\/revisions"}],"predecessor-version":[{"id":633,"href":"https:\/\/www.camaraestrelavelha.rs.gov.br\/portal\/wp-json\/wp\/v2\/pages\/632\/revisions\/633"}],"wp:attachment":[{"href":"https:\/\/www.camaraestrelavelha.rs.gov.br\/portal\/wp-json\/wp\/v2\/media?parent=632"}],"curies":[{"name":"wp","href":"https:\/\/api.w.org\/{rel}","templated":true}]}}