{"id":8054,"date":"2024-06-07T10:29:26","date_gmt":"2024-06-07T13:29:26","guid":{"rendered":"http:\/\/camaraestrelavelha.rs.gov.br\/portal\/?page_id=8054"},"modified":"2024-06-07T11:06:35","modified_gmt":"2024-06-07T14:06:35","slug":"ouvidoria-municipal","status":"publish","type":"page","link":"https:\/\/www.camaraestrelavelha.rs.gov.br\/portal\/ouvidoria-municipal\/","title":{"rendered":"Ouvidoria Municipal"},"content":{"rendered":"\t\t<div data-elementor-type=\"wp-page\" data-elementor-id=\"8054\" class=\"elementor elementor-8054\" data-elementor-settings=\"[]\">\n\t\t\t\t\t\t<div class=\"elementor-inner\">\n\t\t\t\t\t\t\t<div class=\"elementor-section-wrap\">\n\t\t\t\t\t\t\t<section class=\"elementor-section elementor-top-section elementor-element elementor-element-b5604cd elementor-section-boxed elementor-section-height-default elementor-section-height-default\" data-id=\"b5604cd\" data-element_type=\"section\">\n\t\t\t\t\t\t<div class=\"elementor-container elementor-column-gap-default\">\n\t\t\t\t\t\t\t<div class=\"elementor-row\">\n\t\t\t\t\t<div class=\"elementor-column elementor-col-100 elementor-top-column elementor-element elementor-element-d75bf4a\" data-id=\"d75bf4a\" data-element_type=\"column\">\n\t\t\t<div class=\"elementor-column-wrap elementor-element-populated\">\n\t\t\t\t\t\t\t<div class=\"elementor-widget-wrap\">\n\t\t\t\t\t\t<div class=\"elementor-element elementor-element-cc7c745 elementor-widget elementor-widget-text-editor\" data-id=\"cc7c745\" data-element_type=\"widget\" data-widget_type=\"text-editor.default\">\n\t\t\t\t<div class=\"elementor-widget-container\">\n\t\t\t\t\t<div class=\"elementor-text-editor elementor-clearfix\"><p><img loading=\"lazy\" class=\"alignnone wp-image-8056 size-full\" src=\"http:\/\/camaraestrelavelha.rs.gov.br\/portal\/wp-content\/uploads\/2024\/06\/ouvidoria.png\" alt=\"\" width=\"722\" height=\"162\" srcset=\"https:\/\/www.camaraestrelavelha.rs.gov.br\/portal\/wp-content\/uploads\/2024\/06\/ouvidoria.png 722w, https:\/\/www.camaraestrelavelha.rs.gov.br\/portal\/wp-content\/uploads\/2024\/06\/ouvidoria-300x67.png 300w\" sizes=\"(max-width: 722px) 100vw, 722px\" \/><\/p><p><strong>Ouvidoria Municipal<\/strong><\/p><p>A Ouvidoria tem como objetivo a comunica\u00e7\u00e3o direta entre o cidad\u00e3o e a C\u00e2mara Municipal de Estrela Velha.<\/p><p>\u00c9 um canal aberto para o acolhimento das solicita\u00e7\u00f5es, pedidos de informa\u00e7\u00e3o, sugest\u00f5es, elogios, reclama\u00e7\u00f5es, cr\u00edticas e qualquer outra manifesta\u00e7\u00e3o do cidad\u00e3o, relacionada \u00e0s atividades, atribui\u00e7\u00f5es e compet\u00eancias da C\u00e2mara Municipal.<\/p><p>\u00c9 o canal de di\u00e1logo entre a sociedade e a C\u00e2mara, uma porta aberta para o exerc\u00edcio da cidadania. \u00c9 o espa\u00e7o que permite ao cidad\u00e3o colaborar com a melhoria da qualidade dos servi\u00e7os prestados \u00e0 popula\u00e7\u00e3o, na execu\u00e7\u00e3o de sua atividade.<\/p><p>Objetiva ainda tornar a sociedade mais participativa, proporcionando o controle social e permitindo que a gest\u00e3o da C\u00e2mara atue para atender as necessidades da sociedade, de forma c\u00e9lere, eficiente e transparente, contribuindo para a forma\u00e7\u00e3o de uma cultura de respeito aos direitos do cidad\u00e3o, promovendo e incentivando o exerc\u00edcio da cidadania e da democracia.<\/p><p><strong>Finalidades da Manifesta\u00e7\u00e3o:<\/strong><\/p><p><strong>&#8211; Sugest\u00e3o:<\/strong>\u00a0proposi\u00e7\u00e3o de ideia ou formula\u00e7\u00e3o de proposta de aprimoramento de pol\u00edticas e servi\u00e7os prestados pela Administra\u00e7\u00e3o P\u00fablica federal;<\/p><p><strong>&#8211; Elogio:\u00a0<\/strong>demonstra\u00e7\u00e3o do reconhecimento ou satisfa\u00e7\u00e3o sobre o servi\u00e7o oferecido ou atendimento recebido;<\/p><p><strong>&#8211; Solicita\u00e7\u00e3o:<\/strong>\u00a0requerimento de ado\u00e7\u00e3o de provid\u00eancia por parte da Administra\u00e7\u00e3o;<\/p><p><strong>&#8211; Reclama\u00e7\u00e3o:<\/strong>\u00a0demonstra\u00e7\u00e3o de insatisfa\u00e7\u00e3o relativa a servi\u00e7o p\u00fablico;<\/p><p><strong>&#8211; Den\u00fancia:<\/strong>\u00a0Comunica\u00e7\u00e3o de pr\u00e1tica de ato il\u00edcito cuja solu\u00e7\u00e3o dependa da atua\u00e7\u00e3o de \u00f3rg\u00e3o de controle interno ou externo. Caso suspeite de alguma atividade il\u00edcita, envie sua den\u00fancia \u00e0 Ouvidoria. Todo o processo \u00e9 feito via sistema e a prote\u00e7\u00e3o dos seus dados pessoais \u00e9 garantida. Voc\u00ea deve apresentar os fatos de forma clara e objetiva, contendo elementos m\u00ednimos como CPF, CNPJ, nomes dos envolvidos ou quaisquer informa\u00e7\u00f5es que julgue importante para apura\u00e7\u00e3o do fato. A Ouvidoria tem o dever de proteger a identidade do denunciante. Se ainda se sentir receoso, voc\u00ea poder\u00e1 fazer um relato an\u00f4nimo; mas, nesse caso, n\u00e3o receber\u00e1 n\u00famero de protocolo para acompanhar a demanda ou receber resposta conclusiva.<\/p><p><a href=\"https:\/\/falabr.cgu.gov.br\/publico\/RS\/serafinacorrea\/Manifestacao\/RegistrarManifestacao\">Clique aqui para acesso ao Sistema Ouvidoria<\/a><\/p><p>ou<\/p><p>Atendimento presencial pela Ouvidoria (Indica\u00e7\u00e3o de endere\u00e7o f\u00edsico, telefone e e-mail, al\u00e9m do hor\u00e1rio de funcionamento)<\/p><p>Localiza\u00e7\u00e3o:\u00a0Avenida Lauro Billig de Castilhos, 410, Centro<\/p><p>Telefone\/Whatsapp:\u00a0(51) 992866916<\/p><p>E-mail:\u00a0ouvidoria@camaraestrelavelha.rs.gov.br<\/p><p>De segunda-feira a sexta-feira:<\/p><p>&#8211; manh\u00e3 das 07horas e 45minutos \u00e0s 12horas<\/p><p>&#8211; tarde das 13horas e 15minutos \u00e0s 17 horas<\/p><p>Tempo de espera: As respostas para informa\u00e7\u00f5es, reclama\u00e7\u00f5es, sugest\u00f5es ser\u00e3o apresentadas em at\u00e9 15 dias \u00fateis.<\/p><\/div>\n\t\t\t\t<\/div>\n\t\t\t\t<\/div>\n\t\t\t\t\t\t<\/div>\n\t\t\t\t\t<\/div>\n\t\t<\/div>\n\t\t\t\t\t\t\t\t<\/div>\n\t\t\t\t\t<\/div>\n\t\t<\/section>\n\t\t\t\t<section class=\"elementor-section elementor-top-section elementor-element elementor-element-c5fd0ed elementor-section-boxed elementor-section-height-default elementor-section-height-default\" data-id=\"c5fd0ed\" data-element_type=\"section\">\n\t\t\t\t\t\t<div class=\"elementor-container elementor-column-gap-default\">\n\t\t\t\t\t\t\t<div class=\"elementor-row\">\n\t\t\t\t\t<div class=\"elementor-column elementor-col-100 elementor-top-column elementor-element elementor-element-b8d4b8a\" data-id=\"b8d4b8a\" data-element_type=\"column\">\n\t\t\t<div class=\"elementor-column-wrap elementor-element-populated\">\n\t\t\t\t\t\t\t<div class=\"elementor-widget-wrap\">\n\t\t\t\t\t\t<div class=\"elementor-element elementor-element-7f548bd elementor-widget elementor-widget-button\" data-id=\"7f548bd\" data-element_type=\"widget\" data-widget_type=\"button.default\">\n\t\t\t\t<div class=\"elementor-widget-container\">\n\t\t\t\t\t<div class=\"elementor-button-wrapper\">\n\t\t\t<a href=\"https:\/\/falabr.cgu.gov.br\/web\/RS\/Estrela%20Velha\" class=\"elementor-button-link elementor-button elementor-size-sm\" role=\"button\">\n\t\t\t\t\t\t<span class=\"elementor-button-content-wrapper\">\n\t\t\t\t\t\t<span class=\"elementor-button-text\">FA\u00c7A AQUI UMA MANIFESTA\u00c7\u00c3O NA OUVIDORIA<\/span>\n\t\t<\/span>\n\t\t\t\t\t<\/a>\n\t\t<\/div>\n\t\t\t\t<\/div>\n\t\t\t\t<\/div>\n\t\t\t\t\t\t<\/div>\n\t\t\t\t\t<\/div>\n\t\t<\/div>\n\t\t\t\t\t\t\t\t<\/div>\n\t\t\t\t\t<\/div>\n\t\t<\/section>\n\t\t\t\t\t\t<\/div>\n\t\t\t\t\t\t<\/div>\n\t\t\t\t\t<\/div>\n\t\t","protected":false},"excerpt":{"rendered":"<p>Ouvidoria Municipal A Ouvidoria tem como objetivo a comunica\u00e7\u00e3o direta entre o cidad\u00e3o e a C\u00e2mara Municipal de Estrela Velha. \u00c9 um canal aberto para o acolhimento das solicita\u00e7\u00f5es, pedidos de informa\u00e7\u00e3o, sugest\u00f5es, elogios, reclama\u00e7\u00f5es, cr\u00edticas e qualquer outra manifesta\u00e7\u00e3o do cidad\u00e3o, relacionada \u00e0s atividades, atribui\u00e7\u00f5es e compet\u00eancias da C\u00e2mara Municipal. \u00c9 o canal de [&hellip;]<\/p>\n","protected":false},"author":2,"featured_media":0,"parent":0,"menu_order":0,"comment_status":"closed","ping_status":"closed","template":"","meta":{"episode_type":"","audio_file":"","duration":"","filesize":"","date_recorded":"","explicit":"","block":"","filesize_raw":""},"_links":{"self":[{"href":"https:\/\/www.camaraestrelavelha.rs.gov.br\/portal\/wp-json\/wp\/v2\/pages\/8054"}],"collection":[{"href":"https:\/\/www.camaraestrelavelha.rs.gov.br\/portal\/wp-json\/wp\/v2\/pages"}],"about":[{"href":"https:\/\/www.camaraestrelavelha.rs.gov.br\/portal\/wp-json\/wp\/v2\/types\/page"}],"author":[{"embeddable":true,"href":"https:\/\/www.camaraestrelavelha.rs.gov.br\/portal\/wp-json\/wp\/v2\/users\/2"}],"replies":[{"embeddable":true,"href":"https:\/\/www.camaraestrelavelha.rs.gov.br\/portal\/wp-json\/wp\/v2\/comments?post=8054"}],"version-history":[{"count":7,"href":"https:\/\/www.camaraestrelavelha.rs.gov.br\/portal\/wp-json\/wp\/v2\/pages\/8054\/revisions"}],"predecessor-version":[{"id":8064,"href":"https:\/\/www.camaraestrelavelha.rs.gov.br\/portal\/wp-json\/wp\/v2\/pages\/8054\/revisions\/8064"}],"wp:attachment":[{"href":"https:\/\/www.camaraestrelavelha.rs.gov.br\/portal\/wp-json\/wp\/v2\/media?parent=8054"}],"curies":[{"name":"wp","href":"https:\/\/api.w.org\/{rel}","templated":true}]}}