{"id":9039,"date":"2024-11-07T10:45:35","date_gmt":"2024-11-07T13:45:35","guid":{"rendered":"https:\/\/www.camaraestrelavelha.rs.gov.br\/portal\/?page_id=9039"},"modified":"2024-11-07T10:48:37","modified_gmt":"2024-11-07T13:48:37","slug":"antonio-cesar-correa-2","status":"publish","type":"page","link":"https:\/\/www.camaraestrelavelha.rs.gov.br\/portal\/antonio-cesar-correa-2\/","title":{"rendered":"Ant\u00f4nio C\u00e9sar\u00a0Corr\u00eaa"},"content":{"rendered":"\t\t<div data-elementor-type=\"wp-page\" data-elementor-id=\"9039\" class=\"elementor elementor-9039\" data-elementor-settings=\"[]\">\n\t\t\t\t\t\t<div class=\"elementor-inner\">\n\t\t\t\t\t\t\t<div class=\"elementor-section-wrap\">\n\t\t\t\t\t\t\t<section class=\"elementor-section elementor-top-section elementor-element elementor-element-ee303b8 elementor-section-boxed elementor-section-height-default elementor-section-height-default\" data-id=\"ee303b8\" data-element_type=\"section\">\n\t\t\t\t\t\t<div class=\"elementor-container elementor-column-gap-default\">\n\t\t\t\t\t\t\t<div class=\"elementor-row\">\n\t\t\t\t\t<div class=\"elementor-column elementor-col-100 elementor-top-column elementor-element elementor-element-bd2b5c4\" data-id=\"bd2b5c4\" data-element_type=\"column\">\n\t\t\t<div class=\"elementor-column-wrap elementor-element-populated\">\n\t\t\t\t\t\t\t<div class=\"elementor-widget-wrap\">\n\t\t\t\t\t\t<div class=\"elementor-element elementor-element-b5769cf elementor-widget elementor-widget-text-editor\" data-id=\"b5769cf\" data-element_type=\"widget\" data-widget_type=\"text-editor.default\">\n\t\t\t\t<div class=\"elementor-widget-container\">\n\t\t\t\t\t<div class=\"elementor-text-editor elementor-clearfix\"><h1>Ant\u00f4nio C\u00e9sar\u00a0Corr\u00eaa<\/h1><h1><img loading=\"lazy\" class=\"alignnone size-medium wp-image-9041\" src=\"https:\/\/www.camaraestrelavelha.rs.gov.br\/portal\/wp-content\/uploads\/2024\/11\/Antonio-Cesar-Correa-300x273.jpg\" alt=\"\" width=\"300\" height=\"273\" srcset=\"https:\/\/www.camaraestrelavelha.rs.gov.br\/portal\/wp-content\/uploads\/2024\/11\/Antonio-Cesar-Correa-300x273.jpg 300w, https:\/\/www.camaraestrelavelha.rs.gov.br\/portal\/wp-content\/uploads\/2024\/11\/Antonio-Cesar-Correa-1024x933.jpg 1024w, https:\/\/www.camaraestrelavelha.rs.gov.br\/portal\/wp-content\/uploads\/2024\/11\/Antonio-Cesar-Correa-768x700.jpg 768w, https:\/\/www.camaraestrelavelha.rs.gov.br\/portal\/wp-content\/uploads\/2024\/11\/Antonio-Cesar-Correa.jpg 1080w\" sizes=\"(max-width: 300px) 100vw, 300px\" \/><\/h1><p>PARTIDO: PTB<br \/>EMAIL:\u00a0<\/p><p>TELEFONE:\u00a0<\/p><p><span style=\"font-size: 12.0pt; line-height: 115%; font-family: 'Arial','sans-serif';\">DESCRI\u00c7\u00c3O:<\/span><\/p><p>Data nascimento 02\/02\/1960<br \/>Casado, e residente Rinc\u00e3o dos\u00a0Padilhas.<\/p><p>Agricultor e apreciador de rodeios.<\/p><p style=\"text-align: justify;\"><span style=\"font-family: Arial, sans-serif; font-size: 12pt; text-align: justify;\">\u00a0<\/span><\/p><div><h1>\u00a0<\/h1><h1>ATIVIDADES DO ANO DE 2018<\/h1><\/div><div>\u00a0<\/div><h2>Emendas<\/h2><div class=\"elementor-element elementor-element-3b3c741 elementor-widget elementor-widget-text-editor\" data-id=\"3b3c741\" data-element_type=\"widget\" data-widget_type=\"text-editor.default\"><div class=\"elementor-widget-container\"><div class=\"elementor-text-editor elementor-clearfix\"><h2>Mo\u00e7\u00f5es<\/h2><\/div><\/div><\/div><div class=\"elementor-element elementor-element-c22bf1a elementor-widget elementor-widget-text-editor\" data-id=\"c22bf1a\" data-element_type=\"widget\" data-widget_type=\"text-editor.default\"><div class=\"elementor-widget-container\"><div class=\"elementor-text-editor elementor-clearfix\"><h2>Pedido de Informa\u00e7\u00f5es<\/h2><\/div><\/div><\/div><div class=\"elementor-element elementor-element-9315cc0 elementor-widget elementor-widget-text-editor\" data-id=\"9315cc0\" data-element_type=\"widget\" data-widget_type=\"text-editor.default\"><div class=\"elementor-widget-container\"><div class=\"elementor-text-editor elementor-clearfix\"><h2>Pedido de Provid\u00eancia<\/h2><\/div><\/div><\/div><div class=\"elementor-element elementor-element-64384c1 elementor-widget elementor-widget-text-editor\" data-id=\"64384c1\" data-element_type=\"widget\" data-widget_type=\"text-editor.default\"><div class=\"elementor-widget-container\"><div class=\"elementor-text-editor elementor-clearfix\"><h2>Proposi\u00e7\u00f5es de Indica\u00e7\u00e3o<\/h2><h2>Requerimentos<\/h2><\/div><\/div><\/div><\/div>\n\t\t\t\t<\/div>\n\t\t\t\t<\/div>\n\t\t\t\t\t\t<\/div>\n\t\t\t\t\t<\/div>\n\t\t<\/div>\n\t\t\t\t\t\t\t\t<\/div>\n\t\t\t\t\t<\/div>\n\t\t<\/section>\n\t\t\t\t\t\t<\/div>\n\t\t\t\t\t\t<\/div>\n\t\t\t\t\t<\/div>\n\t\t","protected":false},"excerpt":{"rendered":"<p>Ant\u00f4nio C\u00e9sar\u00a0Corr\u00eaa PARTIDO: PTBEMAIL:\u00a0 TELEFONE:\u00a0 DESCRI\u00c7\u00c3O: Data nascimento 02\/02\/1960Casado, e residente Rinc\u00e3o dos\u00a0Padilhas. Agricultor e apreciador de rodeios. \u00a0 \u00a0 ATIVIDADES DO ANO DE 2018 \u00a0 Emendas Mo\u00e7\u00f5es Pedido de Informa\u00e7\u00f5es Pedido de Provid\u00eancia Proposi\u00e7\u00f5es de Indica\u00e7\u00e3o Requerimentos<\/p>\n","protected":false},"author":2,"featured_media":0,"parent":0,"menu_order":0,"comment_status":"closed","ping_status":"closed","template":"","meta":{"episode_type":"","audio_file":"","duration":"","filesize":"","date_recorded":"","explicit":"","block":"","filesize_raw":""},"_links":{"self":[{"href":"https:\/\/www.camaraestrelavelha.rs.gov.br\/portal\/wp-json\/wp\/v2\/pages\/9039"}],"collection":[{"href":"https:\/\/www.camaraestrelavelha.rs.gov.br\/portal\/wp-json\/wp\/v2\/pages"}],"about":[{"href":"https:\/\/www.camaraestrelavelha.rs.gov.br\/portal\/wp-json\/wp\/v2\/types\/page"}],"author":[{"embeddable":true,"href":"https:\/\/www.camaraestrelavelha.rs.gov.br\/portal\/wp-json\/wp\/v2\/users\/2"}],"replies":[{"embeddable":true,"href":"https:\/\/www.camaraestrelavelha.rs.gov.br\/portal\/wp-json\/wp\/v2\/comments?post=9039"}],"version-history":[{"count":4,"href":"https:\/\/www.camaraestrelavelha.rs.gov.br\/portal\/wp-json\/wp\/v2\/pages\/9039\/revisions"}],"predecessor-version":[{"id":9044,"href":"https:\/\/www.camaraestrelavelha.rs.gov.br\/portal\/wp-json\/wp\/v2\/pages\/9039\/revisions\/9044"}],"wp:attachment":[{"href":"https:\/\/www.camaraestrelavelha.rs.gov.br\/portal\/wp-json\/wp\/v2\/media?parent=9039"}],"curies":[{"name":"wp","href":"https:\/\/api.w.org\/{rel}","templated":true}]}}