{"id":9587,"date":"2025-02-04T11:09:26","date_gmt":"2025-02-04T14:09:26","guid":{"rendered":"https:\/\/www.camaraestrelavelha.rs.gov.br\/portal\/?page_id=9587"},"modified":"2025-02-05T08:39:00","modified_gmt":"2025-02-05T11:39:00","slug":"ata-solene-2025","status":"publish","type":"page","link":"https:\/\/www.camaraestrelavelha.rs.gov.br\/portal\/ata-solene-2025\/","title":{"rendered":"Ata Solene 2025"},"content":{"rendered":"\t\t<div data-elementor-type=\"wp-page\" data-elementor-id=\"9587\" class=\"elementor elementor-9587\" data-elementor-settings=\"[]\">\n\t\t\t\t\t\t<div class=\"elementor-inner\">\n\t\t\t\t\t\t\t<div class=\"elementor-section-wrap\">\n\t\t\t\t\t\t\t<section class=\"elementor-section elementor-top-section elementor-element elementor-element-1923fa0b elementor-section-boxed elementor-section-height-default elementor-section-height-default\" data-id=\"1923fa0b\" data-element_type=\"section\">\n\t\t\t\t\t\t<div class=\"elementor-container elementor-column-gap-default\">\n\t\t\t\t\t\t\t<div class=\"elementor-row\">\n\t\t\t\t\t<div class=\"elementor-column elementor-col-100 elementor-top-column elementor-element elementor-element-1e00e03a\" data-id=\"1e00e03a\" data-element_type=\"column\">\n\t\t\t<div class=\"elementor-column-wrap elementor-element-populated\">\n\t\t\t\t\t\t\t<div class=\"elementor-widget-wrap\">\n\t\t\t\t\t\t<div class=\"elementor-element elementor-element-686ddf6c elementor-widget elementor-widget-text-editor\" data-id=\"686ddf6c\" data-element_type=\"widget\" data-widget_type=\"text-editor.default\">\n\t\t\t\t<div class=\"elementor-widget-container\">\n\t\t\t\t\t<div class=\"elementor-text-editor elementor-clearfix\"><p>ATA DA PRIMEIRA SESS\u00c3O SOLENE DE INSTALA\u00c7\u00c3O DA OITAVA LEGISLATURA (2025 \u2013 2028) DA C\u00c2MARA MUNICIPAL DE VEREADORES DE ESTRELA VELHA, RS.<\/p>\n<p>Ao primeiro dia do m\u00eas de janeiro do ano de dois mil e vinte e cinco, nas depend\u00eancias da Sala de Sess\u00f5es Erno Billig da C\u00e2mara Municipal de Vereadores de Estrela Velha, com endere\u00e7o na Avenida Lauro Billig de Castilhos, n\u00ba 410, Centro, Munic\u00edpio de Estrela Velha, Estado do Rio Grande do Sul, \u00e0s dezoito horas, realizou-se a Primeira Sess\u00e3o Solene de Instala\u00e7\u00e3o da Oitava Legislatura, sob a Presid\u00eancia da Vereadora Neusa Maria Ravanello Billig (MDB). A Presidente declarou aberto os trabalhos da Primeira Sess\u00e3o Solene e convidou os presentes para ouvirem o Hino Nacional. Em seguida, a Presidenta convidou o Vereador Leston Manske (MDB) para secretariar os trabalhos. Ato cont\u00ednuo, a Presidente prestou seu compromisso legal, conforme preceitua o art. 7\u00ba, inciso II do Regimento Interno da C\u00e2mara Municipal, e solicitou aos demais Vereadores a entrega do diploma juntamente com a declara\u00e7\u00e3o de bens, fazendo a chamada nominal para prestarem o compromisso legal. Prestaram o compromisso os Vereadores: Carlos Jos\u00e9 Somavilla (MDB), Eraldo Preuss (Progressistas), Ezequiel Somavilla (MDB), Jackson Rafael Ravanello (MDB), Jos\u00e9 Aldair da Silva (MDB), Leston Manske (MDB), Valdir Freese (Progressistas) e Vanusa da Silva Ceolin (Progressistas) que foram declarados empossados. Prosseguindo, a Presidenta convidou o Prefeito Municipal reeleito, Senhor Alexander Castilhos (MDB) e o Vice-Prefeito reeleito, Senhor Gilmar Steffanello (MDB), para entregarem o diploma juntamente com a declara\u00e7\u00e3o de bens e prestarem o compromisso legal. Assim procedido, Prefeito e Vice-Prefeito foram declarados empossados pela Presidenta da C\u00e2mara. Na sequ\u00eancia a Presidenta realizou a elei\u00e7\u00e3o para Mesa Diretora da C\u00e2mara de Vereadores de Estrela Velha para o ano de 2025, conforme disp\u00f5e o art. 7\u00ba inciso V do Regimento Interno. Concorreu a elei\u00e7\u00e3o da Mesa Diretora a chapa \u00fanica composta pelos seguintes vereadores: Presidenta: Neusa Ravanello Billig (MDB); Vice-Presidente: Carlos Jos\u00e9 Somavilla (MDB); Secret\u00e1rio: Leston Manske (MDB) e 2\u00ba Secret\u00e1rio: Ezequiel Somavilla (MDB). A Elei\u00e7\u00e3o foi realizada atrav\u00e9s de vota\u00e7\u00e3o nominal em um s\u00f3 ato de vota\u00e7\u00e3o para todos os cargos da mesa diretora. Finalizando a vota\u00e7\u00e3o, a Presidenta declarou eleita por unanimidade a Chapa \u00danica, tendo como Presidenta do Legislativo Municipal para o ano de 2025, a Vereadora Neusa Maria Ravanello Billig. Desta forma, procedeu-se com a indica\u00e7\u00e3o dos L\u00edderes de Bancadas: L\u00edder da Bancada do MDB Vereador Jackson Rafael Ravanello e L\u00edder da Bancada do Progressistas Vereador Valdir Freese. Tamb\u00e9m foram indicados os membros que far\u00e3o parte das Comiss\u00f5es Permanentes, que ter\u00e1 sua elei\u00e7\u00e3o realizada na Primeira Sess\u00e3o Ordin\u00e1ria das Comiss\u00f5es Permanentes. Comiss\u00e3o de Constitui\u00e7\u00e3o, Justi\u00e7a e Reda\u00e7\u00e3o: 1\u00ba Membro: Jos\u00e9 Aldair da Silva; 2\u00ba Membro: Jackson Rafael Ravanello; 3\u00ba Membro: Ezequiel Somavilla e 4\u00ba Membro: Carlos Jos\u00e9 Somavilla. Comiss\u00e3o de Or\u00e7amento, Finan\u00e7as e Tributa\u00e7\u00e3o: 1\u00ba Membro: Vanusa da Silva Ceolin; 2\u00ba Membro: Eraldo Preuss; 3\u00ba Membro: Valdir Freese e 4\u00ba Membro: Leston Manske.Encerrando a indica\u00e7\u00e3o dos membros, passou-se para elei\u00e7\u00e3o da Comiss\u00e3o Representativa, onde o Presidente da C\u00e2mara \u00e9 Presidente nato da comiss\u00e3o. Presidenta Vereadora Neusa Maria Ravanello Billig (MDB); Vice-presidente Vereador Leston Manske (MDB) e Secret\u00e1rio Vereador Eraldo Preuss, ap\u00f3s a vota\u00e7\u00e3o nominal, declarou-se eleita por unanimidade a Comiss\u00e3o Representativa que atuar\u00e1 no per\u00edodo de recesso da C\u00e2mara de Vereadores. Encerrada a fase de delibera\u00e7\u00f5es, para manifestar-se na Tribuna, foi convidado o Vereador Valdir Freese para manifestar-se em nome da Bancada do Progressistas. Na sequ\u00eancia, manifestou-se o Vereador Leston Manske representando a Bancada do MDB. Tamb\u00e9m, manifestou-se a Presidenta da C\u00e2mara de Vereadores Neusa Maria Ravanello Billig e por fim, manifestou-se o Prefeito Municipal, Senhor Alexander Castilhos. Encerrada as manifesta\u00e7\u00f5es, a Presidenta informou que a Primeira Sess\u00e3o Ordin\u00e1ria ser\u00e1 realizada no dia 04 de fevereiro de 2025, \u00e0s 19 horas. Agradeceu a presen\u00e7a de todos e encerrou a Solenidade de Instala\u00e7\u00e3o da 8\u00aa Legislatura do Munic\u00edpio de Estrela Velha com a execu\u00e7\u00e3o do Hino Municipal. Nada mais havendo declarou encerrada a Primeira Sess\u00e3o Solene de Instala\u00e7\u00e3o da Oitava Legislatura. Estrela Velha, em Primeiro de Janeiro de Dois Mil e Vinte e Cinco.<\/p>\n<table>\n<tbody>\n<tr>\n<td width=\"307\"><p>Neusa Maria Ravanello Billig<\/p>\n<p>Presidente da Sess\u00e3o de Instala\u00e7\u00e3o<\/p><\/td>\n<td width=\"307\"><p>Leston Manske<\/p>\n<p>Secret\u00e1rio<\/p><\/td>\n<\/tr>\n<\/tbody>\n<\/table><\/div>\n\t\t\t\t<\/div>\n\t\t\t\t<\/div>\n\t\t\t\t\t\t<\/div>\n\t\t\t\t\t<\/div>\n\t\t<\/div>\n\t\t\t\t\t\t\t\t<\/div>\n\t\t\t\t\t<\/div>\n\t\t<\/section>\n\t\t\t\t\t\t<\/div>\n\t\t\t\t\t\t<\/div>\n\t\t\t\t\t<\/div>\n\t\t","protected":false},"excerpt":{"rendered":"<p>ATA DA PRIMEIRA SESS\u00c3O SOLENE DE INSTALA\u00c7\u00c3O DA OITAVA LEGISLATURA (2025 \u2013 2028) DA C\u00c2MARA MUNICIPAL DE VEREADORES DE ESTRELA VELHA, RS. Ao primeiro dia do m\u00eas de janeiro do ano de dois mil e vinte e cinco, nas depend\u00eancias da Sala de Sess\u00f5es Erno Billig da C\u00e2mara Municipal de Vereadores de Estrela Velha, com [&hellip;]<\/p>\n","protected":false},"author":2,"featured_media":0,"parent":0,"menu_order":0,"comment_status":"closed","ping_status":"closed","template":"","meta":{"episode_type":"","audio_file":"","duration":"","filesize":"","date_recorded":"","explicit":"","block":"","filesize_raw":""},"_links":{"self":[{"href":"https:\/\/www.camaraestrelavelha.rs.gov.br\/portal\/wp-json\/wp\/v2\/pages\/9587"}],"collection":[{"href":"https:\/\/www.camaraestrelavelha.rs.gov.br\/portal\/wp-json\/wp\/v2\/pages"}],"about":[{"href":"https:\/\/www.camaraestrelavelha.rs.gov.br\/portal\/wp-json\/wp\/v2\/types\/page"}],"author":[{"embeddable":true,"href":"https:\/\/www.camaraestrelavelha.rs.gov.br\/portal\/wp-json\/wp\/v2\/users\/2"}],"replies":[{"embeddable":true,"href":"https:\/\/www.camaraestrelavelha.rs.gov.br\/portal\/wp-json\/wp\/v2\/comments?post=9587"}],"version-history":[{"count":5,"href":"https:\/\/www.camaraestrelavelha.rs.gov.br\/portal\/wp-json\/wp\/v2\/pages\/9587\/revisions"}],"predecessor-version":[{"id":9602,"href":"https:\/\/www.camaraestrelavelha.rs.gov.br\/portal\/wp-json\/wp\/v2\/pages\/9587\/revisions\/9602"}],"wp:attachment":[{"href":"https:\/\/www.camaraestrelavelha.rs.gov.br\/portal\/wp-json\/wp\/v2\/media?parent=9587"}],"curies":[{"name":"wp","href":"https:\/\/api.w.org\/{rel}","templated":true}]}}

<div data-elementor-type="wp-page" data-elementor-id="9587" class="elementor elementor-9587" data-elementor-settings="[]">
						<div class="elementor-inner">
							<div class="elementor-section-wrap">
							<section class="elementor-section elementor-top-section elementor-element elementor-element-1923fa0b elementor-section-boxed elementor-section-height-default elementor-section-height-default" data-id="1923fa0b" data-element_type="section">
						<div class="elementor-container elementor-column-gap-default">
							<div class="elementor-row">
					<div class="elementor-column elementor-col-100 elementor-top-column elementor-element elementor-element-1e00e03a" data-id="1e00e03a" data-element_type="column">
			<div class="elementor-column-wrap elementor-element-populated">
							<div class="elementor-widget-wrap">
						<div class="elementor-element elementor-element-686ddf6c elementor-widget elementor-widget-text-editor" data-id="686ddf6c" data-element_type="widget" data-widget_type="text-editor.default">
				<div class="elementor-widget-container">
					<div class="elementor-text-editor elementor-clearfix"><p>ATA DA PRIMEIRA SESSÃO SOLENE DE INSTALAÇÃO DA OITAVA LEGISLATURA (2025 – 2028) DA CÂMARA MUNICIPAL DE VEREADORES DE ESTRELA VELHA, RS.</p>
<p>Ao primeiro dia do mês de janeiro do ano de dois mil e vinte e cinco, nas dependências da Sala de Sessões Erno Billig da Câmara Municipal de Vereadores de Estrela Velha, com endereço na Avenida Lauro Billig de Castilhos, nº 410, Centro, Município de Estrela Velha, Estado do Rio Grande do Sul, às dezoito horas, realizou-se a Primeira Sessão Solene de Instalação da Oitava Legislatura, sob a Presidência da Vereadora Neusa Maria Ravanello Billig (MDB). A Presidente declarou aberto os trabalhos da Primeira Sessão Solene e convidou os presentes para ouvirem o Hino Nacional. Em seguida, a Presidenta convidou o Vereador Leston Manske (MDB) para secretariar os trabalhos. Ato contínuo, a Presidente prestou seu compromisso legal, conforme preceitua o art. 7º, inciso II do Regimento Interno da Câmara Municipal, e solicitou aos demais Vereadores a entrega do diploma juntamente com a declaração de bens, fazendo a chamada nominal para prestarem o compromisso legal. Prestaram o compromisso os Vereadores: Carlos José Somavilla (MDB), Eraldo Preuss (Progressistas), Ezequiel Somavilla (MDB), Jackson Rafael Ravanello (MDB), José Aldair da Silva (MDB), Leston Manske (MDB), Valdir Freese (Progressistas) e Vanusa da Silva Ceolin (Progressistas) que foram declarados empossados. Prosseguindo, a Presidenta convidou o Prefeito Municipal reeleito, Senhor Alexander Castilhos (MDB) e o Vice-Prefeito reeleito, Senhor Gilmar Steffanello (MDB), para entregarem o diploma juntamente com a declaração de bens e prestarem o compromisso legal. Assim procedido, Prefeito e Vice-Prefeito foram declarados empossados pela Presidenta da Câmara. Na sequência a Presidenta realizou a eleição para Mesa Diretora da Câmara de Vereadores de Estrela Velha para o ano de 2025, conforme dispõe o art. 7º inciso V do Regimento Interno. Concorreu a eleição da Mesa Diretora a chapa única composta pelos seguintes vereadores: Presidenta: Neusa Ravanello Billig (MDB); Vice-Presidente: Carlos José Somavilla (MDB); Secretário: Leston Manske (MDB) e 2º Secretário: Ezequiel Somavilla (MDB). A Eleição foi realizada através de votação nominal em um só ato de votação para todos os cargos da mesa diretora. Finalizando a votação, a Presidenta declarou eleita por unanimidade a Chapa Única, tendo como Presidenta do Legislativo Municipal para o ano de 2025, a Vereadora Neusa Maria Ravanello Billig. Desta forma, procedeu-se com a indicação dos Líderes de Bancadas: Líder da Bancada do MDB Vereador Jackson Rafael Ravanello e Líder da Bancada do Progressistas Vereador Valdir Freese. Também foram indicados os membros que farão parte das Comissões Permanentes, que terá sua eleição realizada na Primeira Sessão Ordinária das Comissões Permanentes. Comissão de Constituição, Justiça e Redação: 1º Membro: José Aldair da Silva; 2º Membro: Jackson Rafael Ravanello; 3º Membro: Ezequiel Somavilla e 4º Membro: Carlos José Somavilla. Comissão de Orçamento, Finanças e Tributação: 1º Membro: Vanusa da Silva Ceolin; 2º Membro: Eraldo Preuss; 3º Membro: Valdir Freese e 4º Membro: Leston Manske.Encerrando a indicação dos membros, passou-se para eleição da Comissão Representativa, onde o Presidente da Câmara é Presidente nato da comissão. Presidenta Vereadora Neusa Maria Ravanello Billig (MDB); Vice-presidente Vereador Leston Manske (MDB) e Secretário Vereador Eraldo Preuss, após a votação nominal, declarou-se eleita por unanimidade a Comissão Representativa que atuará no período de recesso da Câmara de Vereadores. Encerrada a fase de deliberações, para manifestar-se na Tribuna, foi convidado o Vereador Valdir Freese para manifestar-se em nome da Bancada do Progressistas. Na sequência, manifestou-se o Vereador Leston Manske representando a Bancada do MDB. Também, manifestou-se a Presidenta da Câmara de Vereadores Neusa Maria Ravanello Billig e por fim, manifestou-se o Prefeito Municipal, Senhor Alexander Castilhos. Encerrada as manifestações, a Presidenta informou que a Primeira Sessão Ordinária será realizada no dia 04 de fevereiro de 2025, às 19 horas. Agradeceu a presença de todos e encerrou a Solenidade de Instalação da 8ª Legislatura do Município de Estrela Velha com a execução do Hino Municipal. Nada mais havendo declarou encerrada a Primeira Sessão Solene de Instalação da Oitava Legislatura. Estrela Velha, em Primeiro de Janeiro de Dois Mil e Vinte e Cinco.</p>
<table>
<tbody>
<tr>
<td width="307"><p>Neusa Maria Ravanello Billig</p>
<p>Presidente da Sessão de Instalação</p></td>
<td width="307"><p>Leston Manske</p>
<p>Secretário</p></td>
</tr>
</tbody>
</table></div>
				</div>
				</div>
						</div>
					</div>
		</div>
								</div>
					</div>
		</section>
						</div>
						</div>
					</div>

<p>ATA DA PRIMEIRA SESSÃO SOLENE DE INSTALAÇÃO DA OITAVA LEGISLATURA (2025 – 2028) DA CÂMARA MUNICIPAL DE VEREADORES DE ESTRELA VELHA, RS. Ao primeiro dia do mês de janeiro do ano de dois mil e vinte e cinco, nas dependências da Sala de Sessões Erno Billig da Câmara Municipal de Vereadores de Estrela Velha, com [&hellip;]</p>
